Last updated on 2020-08-07 01:49:34 CEST.
| Flavor | Version | Tinstall | Tcheck | Ttotal | Status | Flags | 
|---|---|---|---|---|---|---|
| r-devel-linux-x86_64-debian-clang | 2.2.5 | 8.57 | 190.88 | 199.45 | OK | |
| r-devel-linux-x86_64-debian-gcc | 2.2.5 | 7.12 | 134.24 | 141.36 | OK | |
| r-devel-linux-x86_64-fedora-clang | 2.2.5 | 211.31 | OK | |||
| r-devel-linux-x86_64-fedora-gcc | 2.2.5 | 179.93 | OK | |||
| r-devel-windows-ix86+x86_64 | 2.2.5 | 26.00 | 218.00 | 244.00 | OK | |
| r-patched-linux-x86_64 | 2.2.5 | 9.12 | 166.35 | 175.47 | OK | |
| r-patched-solaris-x86 | 2.2.5 | 231.50 | WARN | |||
| r-release-linux-x86_64 | 2.2.5 | 9.62 | 159.20 | 168.82 | OK | |
| r-release-macos-x86_64 | 2.2.5 | WARN | ||||
| r-release-windows-ix86+x86_64 | 2.2.5 | 24.00 | 158.00 | 182.00 | OK | |
| r-oldrel-macos-x86_64 | 2.2.5 | WARN | ||||
| r-oldrel-windows-ix86+x86_64 | 2.2.5 | 13.00 | 162.00 | 175.00 | OK | 
Version: 2.2.5
Check: re-building of vignette outputs
Result: WARN
    Error(s) in re-building vignettes:
      ...
    --- re-building ‘antaresH5.Rmd’ using rmarkdown
    Warning in engine$weave(file, quiet = quiet, encoding = enc) :
      Pandoc (>= 1.12.3) and/or pandoc-citeproc not available. Falling back to R Markdown v1.
    Quitting from lines 51-85 (antaresH5.Rmd) 
    Error: processing vignette 'antaresH5.Rmd' failed with diagnostics:
    there is no package called 'webshot'
    --- failed re-building ‘antaresH5.Rmd’
    
    --- re-building ‘antaresRead.Rmd’ using rmarkdown
    Warning in engine$weave(file, quiet = quiet, encoding = enc) :
      Pandoc (>= 1.12.3) and/or pandoc-citeproc not available. Falling back to R Markdown v1.
    --- finished re-building ‘antaresRead.Rmd’
    
    SUMMARY: processing the following file failed:
      ‘antaresH5.Rmd’
    
    Error: Vignette re-building failed.
    Execution halted
Flavor: r-patched-solaris-x86
Version: 2.2.5
Check: re-building of vignette outputs
Result: WARN
    Error(s) in re-building vignettes:
      ...
    --- re-building ‘antaresH5.Rmd’ using rmarkdown
    Warning in engine$weave(file, quiet = quiet, encoding = enc) :
      Pandoc (>= 1.12.3) and/or pandoc-citeproc not available. Falling back to R Markdown v1.
    Quitting from lines 51-85 (antaresH5.Rmd) 
    Error: processing vignette 'antaresH5.Rmd' failed with diagnostics:
    cannot open the connection
    --- failed re-building ‘antaresH5.Rmd’
    
    --- re-building ‘antaresRead.Rmd’ using rmarkdown
    Warning in engine$weave(file, quiet = quiet, encoding = enc) :
      Pandoc (>= 1.12.3) and/or pandoc-citeproc not available. Falling back to R Markdown v1.
    --- finished re-building ‘antaresRead.Rmd’
    
    SUMMARY: processing the following file failed:
      ‘antaresH5.Rmd’
    
    Error: Vignette re-building failed.
    Execution halted
Flavors: r-release-macos-x86_64, r-oldrel-macos-x86_64