Last updated on 2020-08-07 01:49:34 CEST.
| Flavor | Version | Tinstall | Tcheck | Ttotal | Status | Flags | 
|---|---|---|---|---|---|---|
| r-devel-linux-x86_64-debian-clang | 0.1.0 | 8.08 | 75.87 | 83.95 | OK | |
| r-devel-linux-x86_64-debian-gcc | 0.1.0 | 8.12 | 57.80 | 65.92 | OK | |
| r-devel-linux-x86_64-fedora-clang | 0.1.0 | 112.40 | NOTE | |||
| r-devel-linux-x86_64-fedora-gcc | 0.1.0 | 103.92 | NOTE | |||
| r-devel-windows-ix86+x86_64 | 0.1.0 | 33.00 | 127.00 | 160.00 | OK | |
| r-patched-linux-x86_64 | 0.1.0 | 8.60 | 75.26 | 83.86 | OK | |
| r-patched-solaris-x86 | 0.1.0 | 145.50 | NOTE | |||
| r-release-linux-x86_64 | 0.1.0 | 9.20 | 74.22 | 83.42 | OK | |
| r-release-macos-x86_64 | 0.1.0 | NOTE | ||||
| r-release-windows-ix86+x86_64 | 0.1.0 | 27.00 | 88.00 | 115.00 | OK | |
| r-oldrel-macos-x86_64 | 0.1.0 | NOTE | ||||
| r-oldrel-windows-ix86+x86_64 | 0.1.0 | 16.00 | 79.00 | 95.00 | OK | 
Version: 0.1.0
Check: package dependencies
Result: NOTE
    Imports includes 22 non-default packages.
    Importing from so many packages makes the package vulnerable to any of
    them becoming unavailable.  Move as many as possible to Suggests and
    use conditionally.
Flavor: r-devel-linux-x86_64-fedora-clang
Version: 0.1.0
Check: dependencies in R code
Result: NOTE
    Namespace in Imports field not imported from: ‘V8’
      All declared Imports should be used.
Flavors: r-devel-linux-x86_64-fedora-clang, r-devel-linux-x86_64-fedora-gcc, r-patched-solaris-x86, r-release-macos-x86_64, r-oldrel-macos-x86_64