Last updated on 2020-08-07 01:49:33 CEST.
Flavor | Version | Tinstall | Tcheck | Ttotal | Status | Flags |
---|---|---|---|---|---|---|
r-devel-linux-x86_64-debian-clang | 1.1.4 | 5.98 | 24.41 | 30.39 | NOTE | |
r-devel-linux-x86_64-debian-gcc | 1.1.4 | 3.78 | 19.36 | 23.14 | NOTE | |
r-devel-linux-x86_64-fedora-clang | 1.1.4 | 46.19 | NOTE | |||
r-devel-linux-x86_64-fedora-gcc | 1.1.4 | 34.95 | NOTE | |||
r-devel-windows-ix86+x86_64 | 1.1.4 | 18.00 | 41.00 | 59.00 | OK | |
r-patched-linux-x86_64 | 1.1.4 | 4.82 | 24.31 | 29.13 | NOTE | |
r-patched-solaris-x86 | 1.1.4 | 53.50 | NOTE | |||
r-release-linux-x86_64 | 1.1.4 | 4.31 | 24.26 | 28.57 | NOTE | |
r-release-macos-x86_64 | 1.1.4 | OK | ||||
r-release-windows-ix86+x86_64 | 1.1.4 | 15.00 | 41.00 | 56.00 | OK | |
r-oldrel-macos-x86_64 | 1.1.4 | OK | ||||
r-oldrel-windows-ix86+x86_64 | 1.1.4 | 13.00 | 62.00 | 75.00 | OK |
Version: 1.1.4
Check: for non-standard things in the check directory
Result: NOTE
Found the following files/directories:
'candidate_alignments.csv' 'open.with.excel.csv'
Flavors: r-devel-linux-x86_64-debian-clang, r-devel-linux-x86_64-debian-gcc, r-devel-linux-x86_64-fedora-clang, r-devel-linux-x86_64-fedora-gcc, r-patched-linux-x86_64, r-patched-solaris-x86, r-release-linux-x86_64