Last updated on 2020-08-07 01:49:33 CEST.
| Flavor | Version | Tinstall | Tcheck | Ttotal | Status | Flags | 
|---|---|---|---|---|---|---|
| r-devel-linux-x86_64-debian-clang | 0.1.1 | 28.51 | 38.94 | 67.45 | OK | |
| r-devel-linux-x86_64-debian-gcc | 0.1.1 | 24.16 | 29.54 | 53.70 | OK | |
| r-devel-linux-x86_64-fedora-clang | 0.1.1 | 96.58 | OK | |||
| r-devel-linux-x86_64-fedora-gcc | 0.1.1 | 91.06 | OK | |||
| r-devel-windows-ix86+x86_64 | 0.1.1 | 70.00 | 101.00 | 171.00 | OK | |
| r-patched-linux-x86_64 | 0.1.1 | 29.77 | 39.25 | 69.02 | OK | |
| r-patched-solaris-x86 | 0.1.1 | 120.00 | OK | |||
| r-release-linux-x86_64 | 0.1.1 | 29.74 | 39.46 | 69.20 | OK | |
| r-release-macos-x86_64 | 0.1.1 | OK | ||||
| r-release-windows-ix86+x86_64 | 0.1.1 | 71.00 | 100.00 | 171.00 | OK | |
| r-oldrel-macos-x86_64 | 0.1.1 | WARN | ||||
| r-oldrel-windows-ix86+x86_64 | 0.1.1 | 50.00 | 85.00 | 135.00 | OK | 
Version: 0.1.1
Check: re-building of vignette outputs
Result: WARN
    Error(s) in re-building vignettes:
      ...
    --- re-building ‘adpss_ex.Rmd’ using rmarkdown
    Warning in engine$weave(file, quiet = quiet, encoding = enc) :
      Pandoc (>= 1.12.3) and/or pandoc-citeproc not available. Falling back to R Markdown v1.
    Error: processing vignette 'adpss_ex.Rmd' failed with diagnostics:
    there is no package called 'stringi'
    --- failed re-building ‘adpss_ex.Rmd’
    
    SUMMARY: processing the following file failed:
      ‘adpss_ex.Rmd’
    
    Error: Vignette re-building failed.
    Execution halted
Flavor: r-oldrel-macos-x86_64