Last updated on 2020-08-07 01:49:33 CEST.
| Flavor | Version | Tinstall | Tcheck | Ttotal | Status | Flags | 
|---|---|---|---|---|---|---|
| r-devel-linux-x86_64-debian-clang | 0.0.9 | 2.58 | 31.69 | 34.27 | NOTE | |
| r-devel-linux-x86_64-debian-gcc | 0.0.9 | 2.13 | 23.61 | 25.74 | NOTE | |
| r-devel-linux-x86_64-fedora-clang | 0.0.9 | 48.46 | OK | |||
| r-devel-linux-x86_64-fedora-gcc | 0.0.9 | 39.54 | OK | |||
| r-devel-windows-ix86+x86_64 | 0.0.9 | 9.00 | 44.00 | 53.00 | NOTE | |
| r-patched-linux-x86_64 | 0.0.9 | 2.93 | 30.19 | 33.12 | NOTE | |
| r-patched-solaris-x86 | 0.0.9 | 58.10 | OK | |||
| r-release-linux-x86_64 | 0.0.9 | 2.72 | 30.88 | 33.60 | NOTE | |
| r-release-macos-x86_64 | 0.0.9 | OK | ||||
| r-release-windows-ix86+x86_64 | 0.0.9 | 15.00 | 46.00 | 61.00 | NOTE | |
| r-oldrel-macos-x86_64 | 0.0.9 | OK | ||||
| r-oldrel-windows-ix86+x86_64 | 0.0.9 | 4.00 | 42.00 | 46.00 | OK | 
Version: 0.0.9
Check: package vignettes
Result: NOTE
    Package vignette with placeholder title 'Vignette Title':
      'About.Rmd'
Flavors: r-devel-linux-x86_64-debian-clang, r-devel-linux-x86_64-debian-gcc, r-devel-windows-ix86+x86_64, r-patched-linux-x86_64, r-release-linux-x86_64, r-release-windows-ix86+x86_64