Last updated on 2020-08-07 01:50:05 CEST.
Flavor | Version | Tinstall | Tcheck | Ttotal | Status | Flags |
---|---|---|---|---|---|---|
r-devel-linux-x86_64-debian-clang | 0.3.0 | 3.59 | 37.94 | 41.53 | NOTE | |
r-devel-linux-x86_64-debian-gcc | 0.3.0 | 2.99 | 28.42 | 31.41 | NOTE | |
r-devel-linux-x86_64-fedora-clang | 0.3.0 | 57.74 | OK | |||
r-devel-linux-x86_64-fedora-gcc | 0.3.0 | 48.39 | OK | |||
r-devel-windows-ix86+x86_64 | 0.3.0 | 11.00 | 74.00 | 85.00 | NOTE | |
r-patched-linux-x86_64 | 0.3.0 | 2.84 | 36.25 | 39.09 | NOTE | |
r-patched-solaris-x86 | 0.3.0 | 70.90 | OK | |||
r-release-linux-x86_64 | 0.3.0 | 3.78 | 36.40 | 40.18 | NOTE | |
r-release-macos-x86_64 | 0.3.0 | OK | ||||
r-release-windows-ix86+x86_64 | 0.3.0 | 11.00 | 51.00 | 62.00 | NOTE | |
r-oldrel-macos-x86_64 | 0.3.0 | OK | ||||
r-oldrel-windows-ix86+x86_64 | 0.3.0 | 8.00 | 48.00 | 56.00 | OK |
Version: 0.3.0
Check: package vignettes
Result: NOTE
Package vignette with placeholder title 'Vignette Title':
'intro-to-varbundle.Rmd'
Flavors: r-devel-linux-x86_64-debian-clang, r-devel-linux-x86_64-debian-gcc, r-devel-windows-ix86+x86_64, r-patched-linux-x86_64, r-release-linux-x86_64, r-release-windows-ix86+x86_64