Last updated on 2020-08-07 01:50:05 CEST.
| Flavor | Version | Tinstall | Tcheck | Ttotal | Status | Flags | 
|---|---|---|---|---|---|---|
| r-devel-linux-x86_64-debian-clang | 1.1-3 | 105.14 | 618.76 | 723.90 | OK | |
| r-devel-linux-x86_64-debian-gcc | 1.1-3 | 87.07 | 447.42 | 534.49 | OK | |
| r-devel-linux-x86_64-fedora-clang | 1.1-3 | 838.56 | NOTE | |||
| r-devel-linux-x86_64-fedora-gcc | 1.1-3 | 837.76 | OK | |||
| r-devel-windows-ix86+x86_64 | 1.1-3 | 206.00 | 832.00 | 1038.00 | NOTE | |
| r-patched-linux-x86_64 | 1.1-3 | 96.37 | 613.23 | 709.60 | OK | |
| r-patched-solaris-x86 | 1.1-3 | 1034.10 | NOTE | |||
| r-release-linux-x86_64 | 1.1-3 | 96.27 | 610.74 | 707.01 | OK | |
| r-release-macos-x86_64 | 1.1-3 | NOTE | ||||
| r-release-windows-ix86+x86_64 | 1.1-3 | 209.00 | 1039.00 | 1248.00 | NOTE | |
| r-oldrel-macos-x86_64 | 1.1-3 | WARN | ||||
| r-oldrel-windows-ix86+x86_64 | 1.1-3 | 143.00 | 972.00 | 1115.00 | WARN | 
Version: 1.1-3
Check: installed package size
Result: NOTE
      installed size is  9.5Mb
      sub-directories of 1Mb or more:
        R      4.0Mb
        doc    1.2Mb
        help   2.9Mb
Flavors: r-devel-linux-x86_64-fedora-clang, r-devel-windows-ix86+x86_64, r-patched-solaris-x86, r-release-macos-x86_64, r-release-windows-ix86+x86_64, r-oldrel-macos-x86_64, r-oldrel-windows-ix86+x86_64
Version: 1.1-3
Check: Rd cross-references
Result: NOTE
    Undeclared packages ‘car’, ‘gam’, ‘lmtest’ in Rd xrefs
Flavor: r-devel-linux-x86_64-fedora-clang
Version: 1.1-3
Check: Rd cross-references
Result: WARN
    Missing link or links in documentation object 'plotrcim0.Rd':
      ‘[base:plot]{plot}’
    
    See section 'Cross-references' in the 'Writing R Extensions' manual.
Flavors: r-oldrel-macos-x86_64, r-oldrel-windows-ix86+x86_64