Last updated on 2020-08-07 01:50:04 CEST.
Flavor | Version | Tinstall | Tcheck | Ttotal | Status | Flags |
---|---|---|---|---|---|---|
r-devel-linux-x86_64-debian-clang | 0.3.1 | 2.76 | 26.50 | 29.26 | NOTE | |
r-devel-linux-x86_64-debian-gcc | 0.3.1 | 2.06 | 20.68 | 22.74 | NOTE | |
r-devel-linux-x86_64-fedora-clang | 0.3.1 | 44.98 | NOTE | |||
r-devel-linux-x86_64-fedora-gcc | 0.3.1 | 34.80 | NOTE | |||
r-devel-windows-ix86+x86_64 | 0.3.1 | 8.00 | 54.00 | 62.00 | NOTE | |
r-patched-linux-x86_64 | 0.3.1 | 2.77 | 26.11 | 28.88 | NOTE | |
r-patched-solaris-x86 | 0.3.1 | 56.90 | NOTE | |||
r-release-linux-x86_64 | 0.3.1 | 2.57 | 25.91 | 28.48 | NOTE | |
r-release-macos-x86_64 | 0.3.1 | NOTE | ||||
r-release-windows-ix86+x86_64 | 0.3.1 | 8.00 | 39.00 | 47.00 | NOTE | |
r-oldrel-macos-x86_64 | 0.3.1 | NOTE | ||||
r-oldrel-windows-ix86+x86_64 | 0.3.1 | 5.00 | 36.00 | 41.00 | NOTE |
Version: 0.3.1
Check: package dependencies
Result: NOTE
Package suggested but not available for checking: 'USAboundariesData'
Flavors: r-devel-linux-x86_64-debian-clang, r-devel-linux-x86_64-debian-gcc, r-devel-linux-x86_64-fedora-clang, r-devel-linux-x86_64-fedora-gcc, r-devel-windows-ix86+x86_64, r-patched-linux-x86_64, r-patched-solaris-x86, r-release-linux-x86_64, r-release-macos-x86_64, r-release-windows-ix86+x86_64, r-oldrel-macos-x86_64, r-oldrel-windows-ix86+x86_64