Last updated on 2020-08-07 01:50:04 CEST.
Flavor | Version | Tinstall | Tcheck | Ttotal | Status | Flags |
---|---|---|---|---|---|---|
r-devel-linux-x86_64-debian-clang | 2015.4-1 | 6.69 | 53.65 | 60.34 | NOTE | |
r-devel-linux-x86_64-debian-gcc | 2015.4-1 | 4.94 | 41.18 | 46.12 | NOTE | |
r-devel-linux-x86_64-fedora-clang | 2015.4-1 | 78.97 | NOTE | |||
r-devel-linux-x86_64-fedora-gcc | 2015.4-1 | 70.65 | NOTE | |||
r-devel-windows-ix86+x86_64 | 2015.4-1 | 16.00 | 62.00 | 78.00 | NOTE | |
r-patched-linux-x86_64 | 2015.4-1 | 6.65 | 51.73 | 58.38 | NOTE | |
r-patched-solaris-x86 | 2015.4-1 | 99.20 | NOTE | |||
r-release-linux-x86_64 | 2015.4-1 | 5.80 | 51.80 | 57.60 | NOTE | |
r-release-macos-x86_64 | 2015.4-1 | NOTE | ||||
r-release-windows-ix86+x86_64 | 2015.4-1 | 17.00 | 86.00 | 103.00 | NOTE | |
r-oldrel-macos-x86_64 | 2015.4-1 | NOTE | ||||
r-oldrel-windows-ix86+x86_64 | 2015.4-1 | 9.00 | 87.00 | 96.00 | NOTE |
Version: 2015.4-1
Check: R code for possible problems
Result: NOTE
vintageMap: no visible global function definition for 'read.table'
TSget,character-TSfameLocalConnection: no visible global function
definition for 'as.ts'
TSget,character-TSfameLocalConnection: no visible global function
definition for 'zoo'
TSget,character-TSfameLocalConnection: no visible global function
definition for 'frequency'
TSget,character-TSfameServerConnection: no visible global function
definition for 'as.ts'
TSget,character-TSfameServerConnection: no visible global function
definition for 'zoo'
TSget,character-TSfameServerConnection: no visible global function
definition for 'frequency'
Undefined global functions or variables:
as.ts frequency read.table zoo
Consider adding
importFrom("stats", "as.ts", "frequency")
importFrom("utils", "read.table")
to your NAMESPACE file.
Flavors: r-devel-linux-x86_64-debian-clang, r-devel-linux-x86_64-debian-gcc, r-devel-linux-x86_64-fedora-clang, r-devel-linux-x86_64-fedora-gcc, r-devel-windows-ix86+x86_64, r-patched-linux-x86_64, r-patched-solaris-x86, r-release-linux-x86_64, r-release-macos-x86_64, r-release-windows-ix86+x86_64, r-oldrel-macos-x86_64, r-oldrel-windows-ix86+x86_64