Last updated on 2020-08-07 01:50:04 CEST.
Flavor | Version | Tinstall | Tcheck | Ttotal | Status | Flags |
---|---|---|---|---|---|---|
r-devel-linux-x86_64-debian-clang | 0.3.1 | 14.37 | 110.47 | 124.84 | OK | |
r-devel-linux-x86_64-debian-gcc | 0.3.1 | 11.85 | 81.91 | 93.76 | OK | |
r-devel-linux-x86_64-fedora-clang | 0.3.1 | 114.86 | NOTE | |||
r-devel-linux-x86_64-fedora-gcc | 0.3.1 | 140.36 | OK | |||
r-devel-windows-ix86+x86_64 | 0.3.1 | 41.00 | 164.00 | 205.00 | OK | |
r-patched-linux-x86_64 | 0.3.1 | 14.67 | 105.72 | 120.39 | OK | |
r-patched-solaris-x86 | 0.3.1 | 213.10 | OK | |||
r-release-linux-x86_64 | 0.3.1 | 15.33 | 106.78 | 122.11 | OK | |
r-release-macos-x86_64 | 0.3.1 | OK | ||||
r-release-windows-ix86+x86_64 | 0.3.1 | 47.00 | 167.00 | 214.00 | OK | |
r-oldrel-macos-x86_64 | 0.3.1 | OK | ||||
r-oldrel-windows-ix86+x86_64 | 0.3.1 | 35.00 | 112.00 | 147.00 | OK |
Version: 0.3.1
Check: Rd cross-references
Result: NOTE
Undeclared package ‘gimms’ in Rd xrefs
Flavor: r-devel-linux-x86_64-fedora-clang