Last updated on 2020-08-07 01:50:04 CEST.
| Flavor | Version | Tinstall | Tcheck | Ttotal | Status | Flags | 
|---|---|---|---|---|---|---|
| r-devel-linux-x86_64-debian-clang | 1.0-10 | 5.79 | 31.21 | 37.00 | OK | |
| r-devel-linux-x86_64-debian-gcc | 1.0-10 | 5.01 | 24.39 | 29.40 | OK | |
| r-devel-linux-x86_64-fedora-clang | 1.0-10 | 52.65 | NOTE | |||
| r-devel-linux-x86_64-fedora-gcc | 1.0-10 | 43.28 | OK | |||
| r-devel-windows-ix86+x86_64 | 1.0-10 | 18.00 | 61.00 | 79.00 | NOTE | |
| r-patched-linux-x86_64 | 1.0-10 | 5.87 | 30.56 | 36.43 | OK | |
| r-patched-solaris-x86 | 1.0-10 | 69.50 | NOTE | |||
| r-release-linux-x86_64 | 1.0-10 | 6.11 | 30.45 | 36.56 | OK | |
| r-release-macos-x86_64 | 1.0-10 | NOTE | ||||
| r-release-windows-ix86+x86_64 | 1.0-10 | 16.00 | 43.00 | 59.00 | NOTE | |
| r-oldrel-macos-x86_64 | 1.0-10 | NOTE | ||||
| r-oldrel-windows-ix86+x86_64 | 1.0-10 | 12.00 | 56.00 | 68.00 | NOTE | 
Version: 1.0-10
Check: installed package size
Result: NOTE
      installed size is  8.5Mb
      sub-directories of 1Mb or more:
        data   1.2Mb
        rda    7.1Mb
Flavors: r-devel-linux-x86_64-fedora-clang, r-devel-windows-ix86+x86_64, r-patched-solaris-x86, r-release-macos-x86_64, r-release-windows-ix86+x86_64, r-oldrel-macos-x86_64, r-oldrel-windows-ix86+x86_64