Last updated on 2020-08-07 01:50:03 CEST.
Flavor | Version | Tinstall | Tcheck | Ttotal | Status | Flags |
---|---|---|---|---|---|---|
r-devel-linux-x86_64-debian-clang | 5.0 | 3.36 | 29.05 | 32.41 | NOTE | |
r-devel-linux-x86_64-debian-gcc | 5.0 | 3.41 | 22.50 | 25.91 | NOTE | |
r-devel-linux-x86_64-fedora-clang | 5.0 | 48.28 | NOTE | |||
r-devel-linux-x86_64-fedora-gcc | 5.0 | 39.01 | NOTE | |||
r-devel-windows-ix86+x86_64 | 5.0 | 10.00 | 42.00 | 52.00 | NOTE | |
r-patched-linux-x86_64 | 5.0 | 3.71 | 29.23 | 32.94 | NOTE | |
r-patched-solaris-x86 | 5.0 | 55.60 | NOTE | |||
r-release-linux-x86_64 | 5.0 | 3.87 | 29.00 | 32.87 | NOTE | |
r-release-macos-x86_64 | 5.0 | NOTE | ||||
r-release-windows-ix86+x86_64 | 5.0 | 9.00 | 58.00 | 67.00 | NOTE | |
r-oldrel-macos-x86_64 | 5.0 | NOTE | ||||
r-oldrel-windows-ix86+x86_64 | 5.0 | 7.00 | 52.00 | 59.00 | NOTE |
Version: 5.0
Check: R code for possible problems
Result: NOTE
BootTree: no visible global function definition for 'hclust'
BootTree: no visible global function definition for 'dist'
BootTree: no visible global function definition for 'as.dist'
BootTree: no visible global function definition for 'cor'
BootTree: no visible binding for global variable 'var'
Pgpd: no visible global function definition for 'optim'
Pgpd : <anonymous>: no visible global function definition for 'optim'
Pgpd: no visible global function definition for 'var'
Pgpd: no visible global function definition for 'rnorm'
Pgpd: no visible global function definition for 'quantile'
Pvalue: no visible global function definition for 'rnorm'
SigTree: no visible global function definition for 'data'
TreeStat: no visible global function definition for 'hclust'
TreeStat: no visible global function definition for 'as.dist'
TreeStat: no visible global function definition for 'dist'
TreeStat: no visible global function definition for 'cor'
plot.best: no visible global function definition for 'hclust'
plot.best: no visible global function definition for 'as.dist'
plot.best: no visible global function definition for 'dist'
plot.best: no visible global function definition for 'cor'
treetext: no visible global function definition for 'par'
treetext: no visible global function definition for 'text'
Undefined global functions or variables:
as.dist cor data dist hclust optim par quantile rnorm text var
Consider adding
importFrom("graphics", "par", "text")
importFrom("stats", "as.dist", "cor", "dist", "hclust", "optim",
"quantile", "rnorm", "var")
importFrom("utils", "data")
to your NAMESPACE file.
Flavors: r-devel-linux-x86_64-debian-clang, r-devel-linux-x86_64-debian-gcc, r-devel-linux-x86_64-fedora-clang, r-devel-linux-x86_64-fedora-gcc, r-devel-windows-ix86+x86_64, r-patched-linux-x86_64, r-patched-solaris-x86, r-release-linux-x86_64, r-release-macos-x86_64, r-release-windows-ix86+x86_64
Version: 5.0
Check: R code for possible problems
Result: NOTE
BootTree: no visible global function definition for ‘hclust’
BootTree: no visible global function definition for ‘dist’
BootTree: no visible global function definition for ‘as.dist’
BootTree: no visible global function definition for ‘cor’
BootTree: no visible binding for global variable ‘var’
Pgpd: no visible global function definition for ‘optim’
Pgpd : <anonymous>: no visible global function definition for ‘optim’
Pgpd: no visible global function definition for ‘var’
Pgpd: no visible global function definition for ‘rnorm’
Pgpd: no visible global function definition for ‘quantile’
Pvalue: no visible global function definition for ‘rnorm’
SigTree: no visible global function definition for ‘data’
TreeStat: no visible global function definition for ‘hclust’
TreeStat: no visible global function definition for ‘as.dist’
TreeStat: no visible global function definition for ‘dist’
TreeStat: no visible global function definition for ‘cor’
plot.best: no visible global function definition for ‘hclust’
plot.best: no visible global function definition for ‘as.dist’
plot.best: no visible global function definition for ‘dist’
plot.best: no visible global function definition for ‘cor’
plot.best: no visible global function definition for ‘plot’
treetext: no visible global function definition for ‘par’
treetext: no visible global function definition for ‘text’
Undefined global functions or variables:
as.dist cor data dist hclust optim par plot quantile rnorm text var
Consider adding
importFrom("graphics", "par", "plot", "text")
importFrom("stats", "as.dist", "cor", "dist", "hclust", "optim",
"quantile", "rnorm", "var")
importFrom("utils", "data")
to your NAMESPACE file.
Flavors: r-oldrel-macos-x86_64, r-oldrel-windows-ix86+x86_64