Last updated on 2020-08-07 01:50:00 CEST.
Flavor | Version | Tinstall | Tcheck | Ttotal | Status | Flags |
---|---|---|---|---|---|---|
r-devel-linux-x86_64-debian-clang | 0.1.0 | 12.15 | 40.39 | 52.54 | OK | |
r-devel-linux-x86_64-debian-gcc | 0.1.0 | 10.93 | 31.14 | 42.07 | OK | |
r-devel-linux-x86_64-fedora-clang | 0.1.0 | 73.23 | NOTE | |||
r-devel-linux-x86_64-fedora-gcc | 0.1.0 | 62.25 | NOTE | |||
r-devel-windows-ix86+x86_64 | 0.1.0 | 28.00 | 54.00 | 82.00 | NOTE | |
r-patched-linux-x86_64 | 0.1.0 | 12.36 | 39.76 | 52.12 | OK | |
r-patched-solaris-x86 | 0.1.0 | 91.50 | NOTE | |||
r-release-linux-x86_64 | 0.1.0 | 12.48 | 38.96 | 51.44 | OK | |
r-release-macos-x86_64 | 0.1.0 | NOTE | ||||
r-release-windows-ix86+x86_64 | 0.1.0 | 30.00 | 57.00 | 87.00 | NOTE | |
r-oldrel-macos-x86_64 | 0.1.0 | NOTE | ||||
r-oldrel-windows-ix86+x86_64 | 0.1.0 | 14.00 | 68.00 | 82.00 | NOTE |
Version: 0.1.0
Check: installed package size
Result: NOTE
installed size is 11.8Mb
sub-directories of 1Mb or more:
data 11.7Mb
Flavors: r-devel-linux-x86_64-fedora-clang, r-devel-windows-ix86+x86_64, r-patched-solaris-x86, r-release-macos-x86_64, r-release-windows-ix86+x86_64, r-oldrel-macos-x86_64, r-oldrel-windows-ix86+x86_64
Version: 0.1.0
Check: dependencies in R code
Result: NOTE
Namespaces in Imports field not imported from:
‘caret’ ‘nnet’
All declared Imports should be used.
Flavors: r-devel-linux-x86_64-fedora-clang, r-devel-linux-x86_64-fedora-gcc, r-patched-solaris-x86, r-release-macos-x86_64, r-oldrel-macos-x86_64