Last updated on 2020-08-07 01:50:00 CEST.
Flavor | Version | Tinstall | Tcheck | Ttotal | Status | Flags |
---|---|---|---|---|---|---|
r-devel-linux-x86_64-debian-clang | 0.2 | 1.95 | 19.45 | 21.40 | OK | |
r-devel-linux-x86_64-debian-gcc | 0.2 | 1.58 | 15.45 | 17.03 | OK | |
r-devel-linux-x86_64-fedora-clang | 0.2 | 35.33 | NOTE | |||
r-devel-linux-x86_64-fedora-gcc | 0.2 | 25.30 | NOTE | |||
r-devel-windows-ix86+x86_64 | 0.2 | 6.00 | 34.00 | 40.00 | OK | |
r-patched-linux-x86_64 | 0.2 | 1.74 | 19.59 | 21.33 | OK | |
r-patched-solaris-x86 | 0.2 | 40.60 | NOTE | |||
r-release-linux-x86_64 | 0.2 | 1.98 | 19.52 | 21.50 | OK | |
r-release-macos-x86_64 | 0.2 | NOTE | ||||
r-release-windows-ix86+x86_64 | 0.2 | 7.00 | 42.00 | 49.00 | OK | |
r-oldrel-macos-x86_64 | 0.2 | NOTE | ||||
r-oldrel-windows-ix86+x86_64 | 0.2 | 4.00 | 41.00 | 45.00 | OK |
Version: 0.2
Check: dependencies in R code
Result: NOTE
Namespace in Imports field not imported from: ‘pracma’
All declared Imports should be used.
Flavors: r-devel-linux-x86_64-fedora-clang, r-devel-linux-x86_64-fedora-gcc, r-patched-solaris-x86, r-release-macos-x86_64, r-oldrel-macos-x86_64