Last updated on 2020-08-07 01:50:00 CEST.
| Flavor | Version | Tinstall | Tcheck | Ttotal | Status | Flags | 
|---|---|---|---|---|---|---|
| r-devel-linux-x86_64-debian-clang | 1.0.1 | 4.90 | 37.88 | 42.78 | OK | |
| r-devel-linux-x86_64-debian-gcc | 1.0.1 | 4.02 | 30.14 | 34.16 | OK | |
| r-devel-linux-x86_64-fedora-clang | 1.0.1 | 59.35 | OK | |||
| r-devel-linux-x86_64-fedora-gcc | 1.0.1 | 49.14 | OK | |||
| r-devel-windows-ix86+x86_64 | 1.0.1 | 22.00 | 72.00 | 94.00 | OK | |
| r-patched-linux-x86_64 | 1.0.1 | 4.59 | 38.32 | 42.91 | OK | |
| r-patched-solaris-x86 | 1.0.1 | 77.70 | OK | |||
| r-release-linux-x86_64 | 1.0.1 | 4.81 | 37.86 | 42.67 | OK | |
| r-release-macos-x86_64 | 1.0.1 | OK | ||||
| r-release-windows-ix86+x86_64 | 1.0.1 | 19.00 | 76.00 | 95.00 | OK | |
| r-oldrel-macos-x86_64 | 1.0.1 | WARN | ||||
| r-oldrel-windows-ix86+x86_64 | 1.0.1 | 12.00 | 61.00 | 73.00 | OK | 
Version: 1.0.1
Check: whether package can be installed
Result: WARN
    Found the following significant warnings:
      Warning: 'rgl_init' failed, running with rgl.useNULL = TRUE
Flavor: r-oldrel-macos-x86_64