Last updated on 2020-08-07 01:50:01 CEST.
| Flavor | Version | Tinstall | Tcheck | Ttotal | Status | Flags | 
|---|---|---|---|---|---|---|
| r-devel-linux-x86_64-debian-clang | 1.1.15 | 22.21 | 188.24 | 210.45 | OK | |
| r-devel-linux-x86_64-debian-gcc | 1.1.15 | 18.78 | 145.31 | 164.09 | OK | |
| r-devel-linux-x86_64-fedora-clang | 1.1.15 | 268.40 | OK | |||
| r-devel-linux-x86_64-fedora-gcc | 1.1.15 | 259.33 | OK | |||
| r-devel-windows-ix86+x86_64 | 1.1.15 | 68.00 | 349.00 | 417.00 | OK | |
| r-patched-linux-x86_64 | 1.1.15 | 22.78 | 183.72 | 206.50 | OK | |
| r-patched-solaris-x86 | 1.1.15 | 382.40 | NOTE | |||
| r-release-linux-x86_64 | 1.1.15 | 20.38 | 185.09 | 205.47 | OK | |
| r-release-macos-x86_64 | 1.1.15 | OK | ||||
| r-release-windows-ix86+x86_64 | 1.1.15 | 66.00 | 357.00 | 423.00 | OK | |
| r-oldrel-macos-x86_64 | 1.1.15 | OK | ||||
| r-oldrel-windows-ix86+x86_64 | 1.1.15 | 35.00 | 281.00 | 316.00 | OK | 
Version: 1.1.15
Check: installed package size
Result: NOTE
      installed size is  5.4Mb
      sub-directories of 1Mb or more:
        lsndata   2.9Mb
Flavor: r-patched-solaris-x86