CRAN Package Check Results for Package SPODT

Last updated on 2020-08-07 01:50:01 CEST.

Flavor Version Tinstall Tcheck Ttotal Status Flags
r-devel-linux-x86_64-debian-clang 0.9-1 7.91 76.53 84.44 NOTE
r-devel-linux-x86_64-debian-gcc 0.9-1 5.69 56.06 61.75 NOTE
r-devel-linux-x86_64-fedora-clang 0.9-1 107.38 NOTE
r-devel-linux-x86_64-fedora-gcc 0.9-1 101.01 NOTE
r-devel-windows-ix86+x86_64 0.9-1 21.00 118.00 139.00 NOTE
r-patched-linux-x86_64 0.9-1 7.63 72.72 80.35 NOTE
r-patched-solaris-x86 0.9-1 139.10 NOTE
r-release-linux-x86_64 0.9-1 7.90 72.94 80.84 NOTE
r-release-macos-x86_64 0.9-1 NOTE
r-release-windows-ix86+x86_64 0.9-1 18.00 172.00 190.00 NOTE
r-oldrel-macos-x86_64 0.9-1 NOTE
r-oldrel-windows-ix86+x86_64 0.9-1 12.00 96.00 108.00 NOTE

Check Details

Version: 0.9-1
Check: DESCRIPTION meta-information
Result: NOTE
    Malformed Description field: should contain one or more complete sentences.
Flavors: r-devel-linux-x86_64-debian-clang, r-devel-linux-x86_64-debian-gcc, r-devel-linux-x86_64-fedora-clang, r-devel-linux-x86_64-fedora-gcc, r-devel-windows-ix86+x86_64, r-patched-linux-x86_64, r-patched-solaris-x86, r-release-linux-x86_64, r-release-macos-x86_64, r-release-windows-ix86+x86_64, r-oldrel-macos-x86_64, r-oldrel-windows-ix86+x86_64

Version: 0.9-1
Check: R code for possible problems
Result: NOTE
    R2.global: no visible global function definition for 'var'
    calculer.var.exp: no visible global function definition for 'var'
    creer.noeud: no visible global function definition for 'var'
    ponderer.classe: no visible global function definition for 'var'
    ponderer.classe: no visible global function definition for 'cov'
    spodt: no visible global function definition for 'model.frame'
    spodt.tree: no visible global function definition for 'plot.new'
    spodt.tree: no visible global function definition for 'par'
    spodt.tree: no visible global function definition for 'plot.window'
    spodt.tree: no visible global function definition for 'text'
    spodt.tree: no visible global function definition for 'segments'
    test.spodt: no visible global function definition for 'model.frame'
    test.spodt: no visible global function definition for 'hist'
    test.spodt: no visible global function definition for 'abline'
    tracer.noeud: no visible global function definition for 'text'
    tracer.noeud: no visible global function definition for 'segments'
    Undefined global functions or variables:
     abline cov hist model.frame par plot.new plot.window segments text
     var
    Consider adding
     importFrom("graphics", "abline", "hist", "par", "plot.new",
     "plot.window", "segments", "text")
     importFrom("stats", "cov", "model.frame", "var")
    to your NAMESPACE file.
Flavors: r-devel-linux-x86_64-debian-clang, r-devel-linux-x86_64-debian-gcc, r-devel-linux-x86_64-fedora-clang, r-devel-linux-x86_64-fedora-gcc, r-devel-windows-ix86+x86_64, r-patched-linux-x86_64, r-patched-solaris-x86, r-release-linux-x86_64, r-release-macos-x86_64, r-release-windows-ix86+x86_64, r-oldrel-macos-x86_64, r-oldrel-windows-ix86+x86_64

Version: 0.9-1
Check: compiled code
Result: NOTE
    File ‘SPODT/libs/SPODT.so’:
     Found no calls to: ‘R_registerRoutines’, ‘R_useDynamicSymbols’
    
    It is good practice to register native routines and to disable symbol
    search.
    
    See ‘Writing portable packages’ in the ‘Writing R Extensions’ manual.
Flavors: r-devel-linux-x86_64-fedora-clang, r-devel-linux-x86_64-fedora-gcc