Last updated on 2020-08-07 01:50:00 CEST.
| Flavor | Version | Tinstall | Tcheck | Ttotal | Status | Flags | 
|---|---|---|---|---|---|---|
| r-devel-linux-x86_64-debian-clang | 2.1.5 | 6.02 | 190.32 | 196.34 | OK | |
| r-devel-linux-x86_64-debian-gcc | 2.1.5 | 4.58 | 132.23 | 136.81 | OK | |
| r-devel-linux-x86_64-fedora-clang | 2.1.5 | 217.99 | OK | |||
| r-devel-linux-x86_64-fedora-gcc | 2.1.5 | 214.82 | OK | |||
| r-devel-windows-ix86+x86_64 | 2.1.5 | 20.00 | 268.00 | 288.00 | OK | |
| r-patched-linux-x86_64 | 2.1.5 | 6.55 | 179.47 | 186.02 | OK | |
| r-patched-solaris-x86 | 2.1.5 | 281.50 | OK | |||
| r-release-linux-x86_64 | 2.1.5 | 5.40 | 179.22 | 184.62 | OK | |
| r-release-macos-x86_64 | 2.1.5 | OK | ||||
| r-release-windows-ix86+x86_64 | 2.1.5 | 22.00 | 192.00 | 214.00 | OK | |
| r-oldrel-macos-x86_64 | 2.1.5 | ERROR | ||||
| r-oldrel-windows-ix86+x86_64 | 2.1.4 | 15.00 | 185.00 | 200.00 | OK | 
Version: 2.1.5
Check: whether package can be installed
Result: ERROR
    Installation failed.
Flavor: r-oldrel-macos-x86_64