Last updated on 2020-08-07 01:49:58 CEST.
| Flavor | Version | Tinstall | Tcheck | Ttotal | Status | Flags | 
|---|---|---|---|---|---|---|
| r-devel-linux-x86_64-debian-clang | 0.1.6.2 | 35.84 | 25.77 | 61.61 | OK | |
| r-devel-linux-x86_64-debian-gcc | 0.1.6.2 | 27.78 | 20.59 | 48.37 | OK | |
| r-devel-linux-x86_64-fedora-clang | 0.1.6.2 | 93.23 | OK | |||
| r-devel-linux-x86_64-fedora-gcc | 0.1.6.2 | 78.03 | OK | |||
| r-devel-windows-ix86+x86_64 | 0.1.6.2 | 90.00 | 64.00 | 154.00 | OK | |
| r-patched-linux-x86_64 | 0.1.6.2 | 28.50 | 25.56 | 54.06 | OK | |
| r-release-linux-x86_64 | 0.1.6.2 | 30.30 | 25.44 | 55.74 | OK | |
| r-release-macos-x86_64 | 0.1.6.2 | ERROR | ||||
| r-release-windows-ix86+x86_64 | 0.1.6.2 | 87.00 | 87.00 | 174.00 | OK | |
| r-oldrel-macos-x86_64 | 0.1.6.2 | ERROR | ||||
| r-oldrel-windows-ix86+x86_64 | 0.1.6.2 | 54.00 | 75.00 | 129.00 | OK | 
Version: 0.1.6.2
Check: whether package can be installed
Result: ERROR
    Installation failed.
Flavors: r-release-macos-x86_64, r-oldrel-macos-x86_64