CRAN Package Check Results for Package Rip46

Last updated on 2020-08-07 01:49:58 CEST.

Flavor Version Tinstall Tcheck Ttotal Status Flags
r-devel-linux-x86_64-debian-clang 1.0.2 25.40 25.01 50.41 OK
r-devel-linux-x86_64-debian-gcc 1.0.2 18.19 19.76 37.95 OK
r-devel-linux-x86_64-fedora-clang 1.0.2 76.97 NOTE
r-devel-linux-x86_64-fedora-gcc 1.0.2 63.30 NOTE
r-patched-linux-x86_64 1.0.2 17.62 24.86 42.48 OK
r-patched-solaris-x86 1.0.2 76.40 OK
r-release-linux-x86_64 1.0.2 18.53 24.86 43.39 OK
r-release-macos-x86_64 1.0.2 OK
r-oldrel-macos-x86_64 1.0.2 OK

Check Details

Version: 1.0.2
Check: compiled code
Result: NOTE
    File ‘Rip46/libs/Rip46.so’:
     Found no calls to: ‘R_registerRoutines’, ‘R_useDynamicSymbols’
    
    It is good practice to register native routines and to disable symbol
    search.
    
    See ‘Writing portable packages’ in the ‘Writing R Extensions’ manual.
Flavors: r-devel-linux-x86_64-fedora-clang, r-devel-linux-x86_64-fedora-gcc