Last updated on 2020-08-07 01:49:57 CEST.
Flavor | Version | Tinstall | Tcheck | Ttotal | Status | Flags |
---|---|---|---|---|---|---|
r-devel-linux-x86_64-debian-clang | 2.4.1 | 413.74 | 91.31 | 505.05 | OK | |
r-devel-linux-x86_64-debian-gcc | 2.4.1 | 300.74 | 69.04 | 369.78 | OK | |
r-devel-linux-x86_64-fedora-clang | 2.4.1 | 719.71 | NOTE | |||
r-devel-linux-x86_64-fedora-gcc | 2.4.1 | 655.67 | OK | |||
r-devel-windows-ix86+x86_64 | 2.4.1 | 926.00 | 199.00 | 1125.00 | NOTE | |
r-patched-linux-x86_64 | 2.4.1 | 304.19 | 90.39 | 394.58 | OK | |
r-patched-solaris-x86 | 2.4.1 | 545.60 | OK | |||
r-release-linux-x86_64 | 2.4.1 | 306.65 | 91.85 | 398.50 | OK | |
r-release-macos-x86_64 | 2.4.1 | NOTE | ||||
r-release-windows-ix86+x86_64 | 2.4.1 | 930.00 | 253.00 | 1183.00 | NOTE | |
r-oldrel-macos-x86_64 | 2.4.1 | NOTE | ||||
r-oldrel-windows-ix86+x86_64 | 2.4.1 | 717.00 | 189.00 | 906.00 | NOTE |
Version: 2.4.1
Check: installed package size
Result: NOTE
installed size is 28.4Mb
sub-directories of 1Mb or more:
libs 27.1Mb
Flavors: r-devel-linux-x86_64-fedora-clang, r-devel-windows-ix86+x86_64, r-release-macos-x86_64, r-release-windows-ix86+x86_64, r-oldrel-macos-x86_64, r-oldrel-windows-ix86+x86_64