Last updated on 2020-08-07 01:49:57 CEST.
Flavor | Version | Tinstall | Tcheck | Ttotal | Status | Flags |
---|---|---|---|---|---|---|
r-devel-linux-x86_64-debian-clang | 1.0.5 | 64.63 | 70.27 | 134.90 | OK | |
r-devel-linux-x86_64-debian-gcc | 1.0.5 | 47.24 | 55.38 | 102.62 | OK | |
r-devel-linux-x86_64-fedora-clang | 1.0.5 | 185.94 | NOTE | |||
r-devel-linux-x86_64-fedora-gcc | 1.0.5 | 167.93 | NOTE | |||
r-devel-windows-ix86+x86_64 | 1.0.5 | 158.00 | 119.00 | 277.00 | NOTE | |
r-patched-linux-x86_64 | 1.0.5 | 49.30 | 69.77 | 119.07 | OK | |
r-patched-solaris-x86 | 1.0.5 | 159.20 | NOTE | |||
r-release-linux-x86_64 | 1.0.5 | 52.89 | 69.86 | 122.75 | OK | |
r-release-macos-x86_64 | 1.0.5 | NOTE | ||||
r-release-windows-ix86+x86_64 | 1.0.5 | 160.00 | 170.00 | 330.00 | NOTE | |
r-oldrel-macos-x86_64 | 1.0.5 | NOTE | ||||
r-oldrel-windows-ix86+x86_64 | 1.0.5 | 104.00 | 152.00 | 256.00 | NOTE |
Version: 1.0.5
Check: installed package size
Result: NOTE
installed size is 15.1Mb
sub-directories of 1Mb or more:
doc 1.1Mb
include 6.4Mb
libs 5.5Mb
Flavors: r-devel-linux-x86_64-fedora-clang, r-devel-windows-ix86+x86_64, r-patched-solaris-x86, r-release-macos-x86_64, r-release-windows-ix86+x86_64, r-oldrel-macos-x86_64, r-oldrel-windows-ix86+x86_64
Version: 1.0.5
Check: foreign function calls
Result: NOTE
Registration problem:
symbol ‘symbol’ in the local frame:
.Call(symbol)
See chapter ‘System and foreign language interfaces’ in the ‘Writing R
Extensions’ manual.
Flavors: r-devel-linux-x86_64-fedora-clang, r-devel-linux-x86_64-fedora-gcc