Last updated on 2020-08-07 01:49:57 CEST.
| Flavor | Version | Tinstall | Tcheck | Ttotal | Status | Flags | 
|---|---|---|---|---|---|---|
| r-devel-linux-x86_64-debian-clang | 0.9.2 | 5.62 | 37.86 | 43.48 | NOTE | |
| r-devel-linux-x86_64-debian-gcc | 0.9.2 | 3.84 | 28.51 | 32.35 | NOTE | |
| r-devel-linux-x86_64-fedora-clang | 0.9.2 | 59.60 | NOTE | |||
| r-devel-linux-x86_64-fedora-gcc | 0.9.2 | 47.94 | NOTE | |||
| r-devel-windows-ix86+x86_64 | 0.9.2 | 13.00 | 50.00 | 63.00 | NOTE | |
| r-patched-linux-x86_64 | 0.9.2 | 5.09 | 36.31 | 41.40 | NOTE | |
| r-patched-solaris-x86 | 0.9.2 | 74.80 | NOTE | |||
| r-release-linux-x86_64 | 0.9.2 | 4.52 | 36.21 | 40.73 | NOTE | |
| r-release-macos-x86_64 | 0.9.2 | NOTE | ||||
| r-release-windows-ix86+x86_64 | 0.9.2 | 15.00 | 56.00 | 71.00 | NOTE | |
| r-oldrel-macos-x86_64 | 0.9.2 | NOTE | ||||
| r-oldrel-windows-ix86+x86_64 | 0.9.2 | 8.00 | 48.00 | 56.00 | NOTE | 
Version: 0.9.2
Check: R code for possible problems
Result: NOTE
    Rbitcoin.plot: no visible global function definition for 'dev.off'
    Rbitcoin.plot.order_book: no visible global function definition for
      'lines'
    Rbitcoin.plot.order_book: no visible global function definition for
      'mtext'
    Rbitcoin.plot.order_book: no visible global function definition for
      'grid'
    Rbitcoin.plot.trades: no visible global function definition for 'mtext'
    Rbitcoin.plot.trades: no visible global function definition for 'grid'
    Rbitcoin.plot.wallet: no visible global function definition for 'par'
    Rbitcoin.plot.wallet : case.legend: no visible global function
      definition for 'dev.interactive'
    Rbitcoin.plot.wallet : case.legend: no visible global function
      definition for 'legend'
    Rbitcoin.plot.wallet : case.legend: no visible global function
      definition for 'dev.cur'
    Rbitcoin.plot.wallet: no visible global function definition for
      'barplot'
    Rbitcoin.plot.wallet: no visible global function definition for 'lines'
    Rbitcoin.plot.wallet: no visible global function definition for 'title'
    Rbitcoin.plot.wallet: no visible global function definition for 'mtext'
    blockchain.api.query: no visible global function definition for
      'packageVersion'
    get_rate: no visible global function definition for 'packageVersion'
    market.api.process: no visible global function definition for 'data'
    market.api.process: no visible global function definition for
      'packageVersion'
    market.api.query.bitmarket: no visible global function definition for
      'packageVersion'
    market.api.query.bitstamp: no visible global function definition for
      'packageVersion'
    market.api.query.btce: no visible global function definition for
      'packageVersion'
    market.api.query.kraken: no visible global function definition for
      'packageVersion'
    market.api.query.mtgox: no visible global function definition for
      'packageVersion'
    wallet_manager: no visible binding for global variable 'timestamp'
    wallet_manager : wallet_source.market: no visible binding for global
      variable 'timestamp'
    wallet_manager : wallet_source.blockchain: no visible binding for
      global variable 'timestamp'
    wallet_value: no visible global function definition for 'data'
    wallet_value: no visible global function definition for 'head'
    wallet_value: no visible global function definition for 'write.table'
    wallet_value: no visible binding for global variable 'timestamp'
    Undefined global functions or variables:
      barplot data dev.cur dev.interactive dev.off grid head legend lines
      mtext packageVersion par timestamp title write.table
    Consider adding
      importFrom("grDevices", "dev.cur", "dev.interactive", "dev.off")
      importFrom("graphics", "barplot", "grid", "legend", "lines", "mtext",
                 "par", "title")
      importFrom("utils", "data", "head", "packageVersion", "timestamp",
                 "write.table")
    to your NAMESPACE file.
Flavors: r-devel-linux-x86_64-debian-clang, r-devel-linux-x86_64-debian-gcc, r-devel-linux-x86_64-fedora-clang, r-devel-linux-x86_64-fedora-gcc, r-devel-windows-ix86+x86_64, r-patched-linux-x86_64, r-patched-solaris-x86, r-release-linux-x86_64, r-release-macos-x86_64, r-release-windows-ix86+x86_64
Version: 0.9.2
Check: R code for possible problems
Result: NOTE
    Rbitcoin.plot: no visible global function definition for ‘dev.off’
    Rbitcoin.plot.order_book: no visible global function definition for
      ‘plot’
    Rbitcoin.plot.order_book: no visible global function definition for
      ‘lines’
    Rbitcoin.plot.order_book: no visible global function definition for
      ‘mtext’
    Rbitcoin.plot.order_book: no visible global function definition for
      ‘grid’
    Rbitcoin.plot.trades: no visible global function definition for ‘plot’
    Rbitcoin.plot.trades: no visible global function definition for ‘mtext’
    Rbitcoin.plot.trades: no visible global function definition for ‘grid’
    Rbitcoin.plot.wallet: no visible global function definition for ‘par’
    Rbitcoin.plot.wallet : case.legend: no visible global function
      definition for ‘dev.interactive’
    Rbitcoin.plot.wallet : case.legend: no visible global function
      definition for ‘legend’
    Rbitcoin.plot.wallet : case.legend: no visible global function
      definition for ‘dev.cur’
    Rbitcoin.plot.wallet: no visible global function definition for ‘plot’
    Rbitcoin.plot.wallet: no visible global function definition for
      ‘barplot’
    Rbitcoin.plot.wallet: no visible global function definition for ‘lines’
    Rbitcoin.plot.wallet: no visible global function definition for ‘title’
    Rbitcoin.plot.wallet: no visible global function definition for ‘mtext’
    blockchain.api.query: no visible global function definition for
      ‘packageVersion’
    get_rate: no visible global function definition for ‘packageVersion’
    market.api.process: no visible global function definition for ‘data’
    market.api.process: no visible global function definition for
      ‘packageVersion’
    market.api.query.bitmarket: no visible global function definition for
      ‘packageVersion’
    market.api.query.bitstamp: no visible global function definition for
      ‘packageVersion’
    market.api.query.btce: no visible global function definition for
      ‘packageVersion’
    market.api.query.kraken: no visible global function definition for
      ‘packageVersion’
    market.api.query.mtgox: no visible global function definition for
      ‘packageVersion’
    wallet_manager: no visible binding for global variable ‘timestamp’
    wallet_manager : wallet_source.market: no visible binding for global
      variable ‘timestamp’
    wallet_manager : wallet_source.blockchain: no visible binding for
      global variable ‘timestamp’
    wallet_value: no visible global function definition for ‘data’
    wallet_value: no visible global function definition for ‘head’
    wallet_value: no visible global function definition for ‘write.table’
    wallet_value: no visible binding for global variable ‘timestamp’
    Undefined global functions or variables:
      barplot data dev.cur dev.interactive dev.off grid head legend lines
      mtext packageVersion par plot timestamp title write.table
    Consider adding
      importFrom("grDevices", "dev.cur", "dev.interactive", "dev.off")
      importFrom("graphics", "barplot", "grid", "legend", "lines", "mtext",
                 "par", "plot", "title")
      importFrom("utils", "data", "head", "packageVersion", "timestamp",
                 "write.table")
    to your NAMESPACE file.
Flavors: r-oldrel-macos-x86_64, r-oldrel-windows-ix86+x86_64