Last updated on 2020-08-07 01:49:56 CEST.
Flavor | Version | Tinstall | Tcheck | Ttotal | Status | Flags |
---|---|---|---|---|---|---|
r-devel-linux-x86_64-debian-clang | 0.16.12 | 12.64 | 82.93 | 95.57 | OK | |
r-devel-linux-x86_64-debian-gcc | 0.16.12 | 10.19 | 61.46 | 71.65 | OK | |
r-devel-linux-x86_64-fedora-clang | 0.16.12 | 118.53 | NOTE | |||
r-devel-linux-x86_64-fedora-gcc | 0.16.12 | 108.23 | NOTE | |||
r-devel-windows-ix86+x86_64 | 0.16.12 | 36.00 | 94.00 | 130.00 | OK | |
r-patched-linux-x86_64 | 0.16.12 | 11.71 | 78.93 | 90.64 | OK | |
r-patched-solaris-x86 | 0.16.12 | 162.80 | NOTE | |||
r-release-linux-x86_64 | 0.16.12 | 11.96 | 78.07 | 90.03 | OK | |
r-release-macos-x86_64 | 0.16.12 | NOTE | ||||
r-release-windows-ix86+x86_64 | 0.16.12 | 23.00 | 103.00 | 126.00 | OK | |
r-oldrel-macos-x86_64 | 0.16.12 | NOTE | ||||
r-oldrel-windows-ix86+x86_64 | 0.16.12 | 17.00 | 90.00 | 107.00 | OK |
Version: 0.16.12
Check: data for non-ASCII characters
Result: NOTE
Note: found 1 marked UTF-8 string
Flavors: r-devel-linux-x86_64-fedora-clang, r-devel-linux-x86_64-fedora-gcc, r-patched-solaris-x86, r-release-macos-x86_64, r-oldrel-macos-x86_64