CRAN Package Check Results for Package PLNmodels

Last updated on 2020-08-07 01:49:55 CEST.

Flavor Version Tinstall Tcheck Ttotal Status Flags
r-devel-linux-x86_64-debian-clang 0.10.6 110.80 267.42 378.22 OK
r-devel-linux-x86_64-debian-gcc 0.10.6 85.78 192.41 278.19 OK
r-devel-linux-x86_64-fedora-clang 0.10.6 463.80 NOTE
r-devel-linux-x86_64-fedora-gcc 0.10.6 447.72 OK
r-devel-windows-ix86+x86_64 0.10.6 253.00 519.00 772.00 NOTE
r-patched-linux-x86_64 0.10.6 85.60 258.26 343.86 OK
r-patched-solaris-x86 0.10.6 551.20 OK
r-release-linux-x86_64 0.10.6 88.55 254.78 343.33 OK
r-release-macos-x86_64 0.10.6 NOTE
r-release-windows-ix86+x86_64 0.10.6 246.00 386.00 632.00 NOTE
r-oldrel-macos-x86_64 0.10.6 NOTE
r-oldrel-windows-ix86+x86_64 0.10.6 165.00 383.00 548.00 OK

Check Details

Version: 0.10.6
Check: installed package size
Result: NOTE
     installed size is 10.1Mb
     sub-directories of 1Mb or more:
     doc 1.7Mb
     libs 7.5Mb
Flavors: r-devel-linux-x86_64-fedora-clang, r-devel-windows-ix86+x86_64, r-release-macos-x86_64, r-release-windows-ix86+x86_64, r-oldrel-macos-x86_64