Last updated on 2020-08-07 01:49:55 CEST.
| Flavor | Version | Tinstall | Tcheck | Ttotal | Status | Flags | 
|---|---|---|---|---|---|---|
| r-devel-linux-x86_64-debian-clang | 0.2.3.6 | 11.10 | 127.34 | 138.44 | OK | |
| r-devel-linux-x86_64-debian-gcc | 0.2.3.6 | 7.53 | 138.76 | 146.29 | OK | |
| r-devel-linux-x86_64-fedora-clang | 0.2.3.6 | 155.56 | OK | |||
| r-devel-linux-x86_64-fedora-gcc | 0.2.3.6 | 138.79 | OK | |||
| r-devel-windows-ix86+x86_64 | 0.2.3.6 | 31.00 | 136.00 | 167.00 | OK | |
| r-patched-linux-x86_64 | 0.2.3.6 | 9.09 | 119.69 | 128.78 | OK | |
| r-patched-solaris-x86 | 0.2.3.6 | 120.60 | WARN | |||
| r-release-linux-x86_64 | 0.2.3.6 | 8.76 | 125.68 | 134.44 | OK | |
| r-release-macos-x86_64 | 0.2.3.6 | WARN | ||||
| r-release-windows-ix86+x86_64 | 0.2.3.6 | 31.00 | 147.00 | 178.00 | OK | |
| r-oldrel-macos-x86_64 | 0.2.3.6 | WARN | ||||
| r-oldrel-windows-ix86+x86_64 | 0.2.3.6 | 16.00 | 120.00 | 136.00 | OK | 
Version: 0.2.3.6
Check: re-building of vignette outputs
Result: WARN
    Error(s) in re-building vignettes:
      ...
    --- re-building ‘Introduction.Rmd’ using rmarkdown_notangle
    Warning in engine$weave(file, quiet = quiet, encoding = enc) :
      Pandoc (>= 1.12.3) and/or pandoc-citeproc not available. Falling back to R Markdown v1.
    Quitting from lines 51-62 (Introduction.Rmd) 
    Error: processing vignette 'Introduction.Rmd' failed with diagnostics:
    EXPR must be a length 1 vector
    --- failed re-building ‘Introduction.Rmd’
    
    SUMMARY: processing the following file failed:
      ‘Introduction.Rmd’
    
    Error: Vignette re-building failed.
    Execution halted
Flavors: r-patched-solaris-x86, r-release-macos-x86_64, r-oldrel-macos-x86_64