Last updated on 2020-08-07 01:49:55 CEST.
Flavor | Version | Tinstall | Tcheck | Ttotal | Status | Flags |
---|---|---|---|---|---|---|
r-devel-linux-x86_64-debian-clang | 0.1.0 | 9.26 | 134.32 | 143.58 | OK | |
r-devel-linux-x86_64-debian-gcc | 0.1.0 | 7.32 | 100.80 | 108.12 | OK | |
r-devel-linux-x86_64-fedora-clang | 0.1.0 | 174.66 | NOTE | |||
r-devel-linux-x86_64-fedora-gcc | 0.1.0 | 166.93 | NOTE | |||
r-devel-windows-ix86+x86_64 | 0.1.0 | 30.00 | 139.00 | 169.00 | OK | |
r-patched-linux-x86_64 | 0.1.0 | 9.25 | 130.21 | 139.46 | OK | |
r-patched-solaris-x86 | 0.1.0 | 230.70 | NOTE | |||
r-release-linux-x86_64 | 0.1.0 | 8.69 | 129.13 | 137.82 | OK | |
r-release-macos-x86_64 | 0.1.0 | NOTE | ||||
r-release-windows-ix86+x86_64 | 0.1.0 | 31.00 | 149.00 | 180.00 | OK | |
r-oldrel-macos-x86_64 | 0.1.0 | NOTE | ||||
r-oldrel-windows-ix86+x86_64 | 0.1.0 | 15.00 | 119.00 | 134.00 | OK |
Version: 0.1.0
Check: dependencies in R code
Result: NOTE
Namespace in Imports field not imported from: ‘glmnet’
All declared Imports should be used.
Flavors: r-devel-linux-x86_64-fedora-clang, r-devel-linux-x86_64-fedora-gcc, r-patched-solaris-x86, r-release-macos-x86_64, r-oldrel-macos-x86_64