Last updated on 2020-08-07 01:49:54 CEST.
| Flavor | Version | Tinstall | Tcheck | Ttotal | Status | Flags | 
|---|---|---|---|---|---|---|
| r-devel-linux-x86_64-debian-clang | 0.1 | 4.19 | 32.33 | 36.52 | NOTE | |
| r-devel-linux-x86_64-debian-gcc | 0.1 | 4.16 | 24.04 | 28.20 | NOTE | |
| r-devel-linux-x86_64-fedora-clang | 0.1 | 51.79 | NOTE | |||
| r-devel-linux-x86_64-fedora-gcc | 0.1 | 42.24 | NOTE | |||
| r-devel-windows-ix86+x86_64 | 0.1 | 11.00 | 42.00 | 53.00 | NOTE | |
| r-patched-linux-x86_64 | 0.1 | 4.43 | 30.75 | 35.18 | NOTE | |
| r-patched-solaris-x86 | 0.1 | 63.40 | NOTE | |||
| r-release-linux-x86_64 | 0.1 | 4.47 | 30.22 | 34.69 | NOTE | |
| r-release-macos-x86_64 | 0.1 | NOTE | ||||
| r-release-windows-ix86+x86_64 | 0.1 | 7.00 | 38.00 | 45.00 | NOTE | |
| r-oldrel-macos-x86_64 | 0.1 | NOTE | ||||
| r-oldrel-windows-ix86+x86_64 | 0.1 | 8.00 | 53.00 | 61.00 | NOTE | 
Version: 0.1
Check: R code for possible problems
Result: NOTE
    AsianCall_AppLord : q: no visible global function definition for
      'dnorm'
    AsianCall_AppLord: no visible global function definition for
      'integrate'
    AsianCall_CMC_CV: no visible global function definition for 'rnorm'
    AsianCall_CMC_CV: no visible global function definition for 'pnorm'
    AsianCall_CMC_CV: no visible global function definition for 'lm'
    AsianCall_CMC_CV: no visible global function definition for 'sd'
    AsianCall_NCV_CMC_QCV_greeks: no visible global function definition for
      'rnorm'
    AsianCall_NCV_CMC_QCV_greeks: no visible global function definition for
      'pnorm'
    AsianCall_NCV_CMC_QCV_greeks: no visible global function definition for
      'dnorm'
    AsianCall_NCV_CMC_QCV_greeks: no visible global function definition for
      'lm'
    AsianCall_NCV_CMC_QCV_greeks: no visible global function definition for
      'sd'
    AsianCall_NCV_CMC_QCV_greeks_Z: no visible global function definition
      for 'pnorm'
    AsianCall_NCV_CMC_QCV_greeks_Z: no visible global function definition
      for 'dnorm'
    AsianCall_NCV_CMC_QCV_greeks_qmc: no visible global function definition
      for 'runif'
    AsianCall_NCV_CMC_QCV_greeks_qmc: no visible global function definition
      for 'qnorm'
    AsianCall_NCV_CMC_QCV_greeks_qmc: no visible global function definition
      for 'lm'
    AsianCall_NCV_CMC_QCV_greeks_qmc: no visible global function definition
      for 'hist'
    AsianCall_NCV_CMC_QCV_greeks_qmc: no visible binding for global
      variable 'sd'
    AsianCall_NCV_CMC_greeks_Z: no visible global function definition for
      'pnorm'
    AsianCall_NCV_CMC_greeks_Z: no visible global function definition for
      'dnorm'
    AsianCall_NCV_CMC_greeks_qmc: no visible global function definition for
      'qnorm'
    AsianCall_NCV_CMC_greeks_qmc: no visible global function definition for
      'runif'
    AsianCall_NCV_CMC_greeks_qmc: no visible global function definition for
      'lm'
    AsianCall_NCV_CMC_greeks_qmc: no visible binding for global variable
      'sd'
    AsianCall_NCV_LR_greeks: no visible global function definition for
      'rnorm'
    AsianCall_NCV_LR_greeks: no visible global function definition for 'sd'
    AsianCall_naive_greeks: no visible global function definition for
      'rnorm'
    AsianCall_naive_greeks: no visible global function definition for 'sd'
    AsianCall_naive_greeks_qmc: no visible global function definition for
      'runif'
    AsianCall_naive_greeks_qmc: no visible global function definition for
      'qnorm'
    AsianCall_naive_greeks_qmc: no visible binding for global variable 'sd'
    BS_A: no visible global function definition for 'pnorm'
    BS_EC: no visible global function definition for 'pnorm'
    BS_EP: no visible global function definition for 'pnorm'
    evalECV: no visible global function definition for 'pnorm'
    evalECV: no visible global function definition for 'dnorm'
    evalECV_A: no visible global function definition for 'pnorm'
    evalEQCV: no visible global function definition for 'pnorm'
    evalEQCV: no visible global function definition for 'dnorm'
    evalLB: no visible global function definition for 'pnorm'
    evalLB: no visible global function definition for 'dnorm'
    eval_equad: no visible global function definition for 'pnorm'
    findQmat: no visible global function definition for 'uniroot'
    findQmat: no visible global function definition for 'pnorm'
    findbcv: no visible global function definition for 'uniroot'
    Undefined global functions or variables:
      dnorm hist integrate lm pnorm qnorm rnorm runif sd uniroot
    Consider adding
      importFrom("graphics", "hist")
      importFrom("stats", "dnorm", "integrate", "lm", "pnorm", "qnorm",
                 "rnorm", "runif", "sd", "uniroot")
    to your NAMESPACE file.
Flavors: r-devel-linux-x86_64-debian-clang, r-devel-linux-x86_64-debian-gcc, r-devel-linux-x86_64-fedora-clang, r-devel-linux-x86_64-fedora-gcc, r-devel-windows-ix86+x86_64, r-patched-linux-x86_64, r-patched-solaris-x86, r-release-linux-x86_64, r-release-macos-x86_64, r-release-windows-ix86+x86_64
Version: 0.1
Check: R code for possible problems
Result: NOTE
    AsianCall_AppLord : q: no visible global function definition for
      ‘dnorm’
    AsianCall_AppLord: no visible global function definition for
      ‘integrate’
    AsianCall_CMC_CV: no visible global function definition for ‘rnorm’
    AsianCall_CMC_CV: no visible global function definition for ‘pnorm’
    AsianCall_CMC_CV: no visible global function definition for ‘plot’
    AsianCall_CMC_CV: no visible global function definition for ‘lm’
    AsianCall_CMC_CV: no visible global function definition for ‘sd’
    AsianCall_NCV_CMC_QCV_greeks: no visible global function definition for
      ‘rnorm’
    AsianCall_NCV_CMC_QCV_greeks: no visible global function definition for
      ‘pnorm’
    AsianCall_NCV_CMC_QCV_greeks: no visible global function definition for
      ‘dnorm’
    AsianCall_NCV_CMC_QCV_greeks: no visible global function definition for
      ‘lm’
    AsianCall_NCV_CMC_QCV_greeks: no visible global function definition for
      ‘sd’
    AsianCall_NCV_CMC_QCV_greeks_Z: no visible global function definition
      for ‘pnorm’
    AsianCall_NCV_CMC_QCV_greeks_Z: no visible global function definition
      for ‘dnorm’
    AsianCall_NCV_CMC_QCV_greeks_qmc: no visible global function definition
      for ‘runif’
    AsianCall_NCV_CMC_QCV_greeks_qmc: no visible global function definition
      for ‘qnorm’
    AsianCall_NCV_CMC_QCV_greeks_qmc: no visible global function definition
      for ‘lm’
    AsianCall_NCV_CMC_QCV_greeks_qmc: no visible global function definition
      for ‘hist’
    AsianCall_NCV_CMC_QCV_greeks_qmc: no visible binding for global
      variable ‘sd’
    AsianCall_NCV_CMC_greeks_Z: no visible global function definition for
      ‘pnorm’
    AsianCall_NCV_CMC_greeks_Z: no visible global function definition for
      ‘dnorm’
    AsianCall_NCV_CMC_greeks_qmc: no visible global function definition for
      ‘qnorm’
    AsianCall_NCV_CMC_greeks_qmc: no visible global function definition for
      ‘runif’
    AsianCall_NCV_CMC_greeks_qmc: no visible global function definition for
      ‘lm’
    AsianCall_NCV_CMC_greeks_qmc: no visible binding for global variable
      ‘sd’
    AsianCall_NCV_LR_greeks: no visible global function definition for
      ‘rnorm’
    AsianCall_NCV_LR_greeks: no visible global function definition for ‘sd’
    AsianCall_naive_greeks: no visible global function definition for
      ‘rnorm’
    AsianCall_naive_greeks: no visible global function definition for ‘sd’
    AsianCall_naive_greeks_qmc: no visible global function definition for
      ‘runif’
    AsianCall_naive_greeks_qmc: no visible global function definition for
      ‘qnorm’
    AsianCall_naive_greeks_qmc: no visible binding for global variable ‘sd’
    BS_A: no visible global function definition for ‘pnorm’
    BS_EC: no visible global function definition for ‘pnorm’
    BS_EP: no visible global function definition for ‘pnorm’
    evalECV: no visible global function definition for ‘pnorm’
    evalECV: no visible global function definition for ‘dnorm’
    evalECV_A: no visible global function definition for ‘pnorm’
    evalEQCV: no visible global function definition for ‘pnorm’
    evalEQCV: no visible global function definition for ‘dnorm’
    evalLB: no visible global function definition for ‘pnorm’
    evalLB: no visible global function definition for ‘dnorm’
    eval_equad: no visible global function definition for ‘pnorm’
    findQmat: no visible global function definition for ‘uniroot’
    findQmat: no visible global function definition for ‘pnorm’
    findbcv: no visible global function definition for ‘uniroot’
    Undefined global functions or variables:
      dnorm hist integrate lm plot pnorm qnorm rnorm runif sd uniroot
    Consider adding
      importFrom("graphics", "hist", "plot")
      importFrom("stats", "dnorm", "integrate", "lm", "pnorm", "qnorm",
                 "rnorm", "runif", "sd", "uniroot")
    to your NAMESPACE file.
Flavors: r-oldrel-macos-x86_64, r-oldrel-windows-ix86+x86_64