Last updated on 2020-08-07 01:49:54 CEST.
| Flavor | Version | Tinstall | Tcheck | Ttotal | Status | Flags | 
|---|---|---|---|---|---|---|
| r-devel-linux-x86_64-debian-clang | 0.6-5 | 179.15 | 166.22 | 345.37 | NOTE | |
| r-devel-linux-x86_64-debian-gcc | 0.6-5 | 150.03 | 126.73 | 276.76 | NOTE | |
| r-devel-linux-x86_64-fedora-clang | 0.6-5 | 444.58 | NOTE | |||
| r-devel-linux-x86_64-fedora-gcc | 0.6-5 | 440.14 | NOTE | |||
| r-devel-windows-ix86+x86_64 | 0.6-5 | 392.00 | 408.00 | 800.00 | NOTE | |
| r-patched-linux-x86_64 | 0.6-5 | 139.09 | 162.64 | 301.73 | NOTE | |
| r-patched-solaris-x86 | 0.6-5 | 480.00 | NOTE | |||
| r-release-linux-x86_64 | 0.6-5 | 136.66 | 161.80 | 298.46 | NOTE | |
| r-release-macos-x86_64 | 0.6-5 | NOTE | ||||
| r-release-windows-ix86+x86_64 | 0.6-5 | 375.00 | 294.00 | 669.00 | NOTE | |
| r-oldrel-macos-x86_64 | 0.6-5 | NOTE | ||||
| r-oldrel-windows-ix86+x86_64 | 0.6-5 | 240.00 | 269.00 | 509.00 | NOTE | 
Version: 0.6-5
Check: for GNU extensions in Makefiles
Result: NOTE
    GNU make is a SystemRequirements.
Flavors: r-devel-linux-x86_64-debian-clang, r-devel-linux-x86_64-debian-gcc, r-devel-linux-x86_64-fedora-clang, r-devel-linux-x86_64-fedora-gcc, r-devel-windows-ix86+x86_64, r-patched-linux-x86_64, r-patched-solaris-x86, r-release-linux-x86_64, r-release-macos-x86_64, r-release-windows-ix86+x86_64, r-oldrel-macos-x86_64, r-oldrel-windows-ix86+x86_64
Version: 0.6-5
Check: installed package size
Result: NOTE
      installed size is 43.2Mb
      sub-directories of 1Mb or more:
        libs  42.1Mb
Flavors: r-devel-linux-x86_64-fedora-clang, r-devel-windows-ix86+x86_64, r-release-macos-x86_64, r-release-windows-ix86+x86_64, r-oldrel-macos-x86_64, r-oldrel-windows-ix86+x86_64
Version: 0.6-5
Check: dependencies in R code
Result: NOTE
    Namespaces in Imports field not imported from:
      ‘bayesplot’ ‘ggplot2’
      All declared Imports should be used.
Flavors: r-devel-linux-x86_64-fedora-clang, r-devel-linux-x86_64-fedora-gcc, r-patched-solaris-x86, r-release-macos-x86_64, r-oldrel-macos-x86_64