Last updated on 2020-08-07 01:49:53 CEST.
| Flavor | Version | Tinstall | Tcheck | Ttotal | Status | Flags | 
|---|---|---|---|---|---|---|
| r-devel-linux-x86_64-debian-clang | 0.2.0 | 108.60 | 146.27 | 254.87 | OK | |
| r-devel-linux-x86_64-debian-gcc | 0.2.0 | 79.49 | 106.48 | 185.97 | OK | |
| r-devel-linux-x86_64-fedora-clang | 0.2.0 | 340.03 | NOTE | |||
| r-devel-linux-x86_64-fedora-gcc | 0.2.0 | 329.58 | NOTE | |||
| r-devel-windows-ix86+x86_64 | 0.2.0 | 276.00 | 195.00 | 471.00 | OK | |
| r-patched-linux-x86_64 | 0.2.0 | 83.01 | 153.58 | 236.59 | OK | |
| r-patched-solaris-x86 | 0.2.0 | 48.70 | ERROR | |||
| r-release-linux-x86_64 | 0.2.0 | 81.87 | 152.18 | 234.05 | OK | |
| r-release-macos-x86_64 | 0.2.0 | NOTE | ||||
| r-release-windows-ix86+x86_64 | 0.2.0 | 281.00 | 169.00 | 450.00 | OK | |
| r-oldrel-macos-x86_64 | 0.2.0 | NOTE | ||||
| r-oldrel-windows-ix86+x86_64 | 0.2.0 | 203.00 | 135.00 | 338.00 | OK | 
Version: 0.2.0
Check: installed package size
Result: NOTE
      installed size is  6.2Mb
      sub-directories of 1Mb or more:
        libs   4.5Mb
Flavors: r-devel-linux-x86_64-fedora-clang, r-release-macos-x86_64, r-oldrel-macos-x86_64
Version: 0.2.0
Check: compiled code
Result: NOTE
    File ‘MultiBD/libs/MultiBD.so’:
      Found no calls to: ‘R_registerRoutines’, ‘R_useDynamicSymbols’
    
    It is good practice to register native routines and to disable symbol
    search.
    
    See ‘Writing portable packages’ in the ‘Writing R Extensions’ manual.
Flavors: r-devel-linux-x86_64-fedora-clang, r-devel-linux-x86_64-fedora-gcc
Version: 0.2.0
Check: whether package can be installed
Result: ERROR
    Installation failed.
Flavor: r-patched-solaris-x86