Last updated on 2020-08-07 01:49:51 CEST.
| Flavor | Version | Tinstall | Tcheck | Ttotal | Status | Flags | 
|---|---|---|---|---|---|---|
| r-devel-linux-x86_64-debian-clang | 1.7 | 5.87 | 44.50 | 50.37 | OK | |
| r-devel-linux-x86_64-debian-gcc | 1.7 | 4.97 | 35.27 | 40.24 | OK | |
| r-devel-linux-x86_64-fedora-clang | 1.7 | 67.17 | OK | |||
| r-devel-linux-x86_64-fedora-gcc | 1.7 | 58.89 | OK | |||
| r-devel-windows-ix86+x86_64 | 1.7 | 22.00 | 63.00 | 85.00 | OK | |
| r-patched-linux-x86_64 | 1.7 | 6.40 | 44.16 | 50.56 | OK | |
| r-patched-solaris-x86 | 1.7 | 88.90 | OK | |||
| r-release-linux-x86_64 | 1.7 | 6.36 | 43.65 | 50.01 | OK | |
| r-release-macos-x86_64 | 1.7 | OK | ||||
| r-release-windows-ix86+x86_64 | 1.7 | 21.00 | 85.00 | 106.00 | OK | |
| r-oldrel-macos-x86_64 | 1.7 | WARN | ||||
| r-oldrel-windows-ix86+x86_64 | 1.7 | 12.00 | 61.00 | 73.00 | OK | 
Version: 1.7
Check: whether package can be installed
Result: WARN
    Found the following significant warnings:
      Warning: 'rgl_init' failed, running with rgl.useNULL = TRUE
Flavor: r-oldrel-macos-x86_64