Last updated on 2020-08-07 01:49:51 CEST.
| Flavor | Version | Tinstall | Tcheck | Ttotal | Status | Flags | 
|---|---|---|---|---|---|---|
| r-devel-linux-x86_64-debian-clang | 1.1.2 | 117.34 | 174.69 | 292.03 | NOTE | |
| r-devel-linux-x86_64-debian-gcc | 1.1.2 | 110.73 | 128.54 | 239.27 | NOTE | |
| r-devel-linux-x86_64-fedora-clang | 1.1.2 | 381.74 | NOTE | |||
| r-devel-linux-x86_64-fedora-gcc | 1.1.2 | 387.25 | NOTE | |||
| r-devel-windows-ix86+x86_64 | 1.1.2 | 305.00 | 281.00 | 586.00 | NOTE | |
| r-patched-linux-x86_64 | 1.1.2 | 104.10 | 172.22 | 276.32 | NOTE | |
| r-patched-solaris-x86 | 1.1.2 | 449.70 | NOTE | |||
| r-release-linux-x86_64 | 1.1.2 | 94.80 | 171.58 | 266.38 | NOTE | |
| r-release-macos-x86_64 | 1.1.2 | NOTE | ||||
| r-release-windows-ix86+x86_64 | 1.1.2 | 295.00 | 300.00 | 595.00 | NOTE | |
| r-oldrel-macos-x86_64 | 1.1.2 | NOTE | ||||
| r-oldrel-windows-ix86+x86_64 | 1.1.2 | 193.00 | 299.00 | 492.00 | NOTE | 
Version: 1.1.2
Check: for GNU extensions in Makefiles
Result: NOTE
    GNU make is a SystemRequirements.
Flavors: r-devel-linux-x86_64-debian-clang, r-devel-linux-x86_64-debian-gcc, r-devel-linux-x86_64-fedora-clang, r-devel-linux-x86_64-fedora-gcc, r-devel-windows-ix86+x86_64, r-patched-linux-x86_64, r-patched-solaris-x86, r-release-linux-x86_64, r-release-macos-x86_64, r-release-windows-ix86+x86_64, r-oldrel-macos-x86_64, r-oldrel-windows-ix86+x86_64
Version: 1.1.2
Check: installed package size
Result: NOTE
      installed size is 31.8Mb
      sub-directories of 1Mb or more:
        libs  31.3Mb
Flavors: r-devel-linux-x86_64-fedora-clang, r-release-macos-x86_64, r-oldrel-macos-x86_64