Last updated on 2020-08-07 01:49:51 CEST.
| Flavor | Version | Tinstall | Tcheck | Ttotal | Status | Flags | 
|---|---|---|---|---|---|---|
| r-devel-linux-x86_64-debian-clang | 1.0.0 | 4.53 | 36.89 | 41.42 | NOTE | |
| r-devel-linux-x86_64-debian-gcc | 1.0.0 | 3.60 | 28.63 | 32.23 | NOTE | |
| r-devel-linux-x86_64-fedora-clang | 1.0.0 | 57.60 | NOTE | |||
| r-devel-linux-x86_64-fedora-gcc | 1.0.0 | 49.60 | NOTE | |||
| r-devel-windows-ix86+x86_64 | 1.0.0 | 19.00 | 70.00 | 89.00 | NOTE | |
| r-patched-linux-x86_64 | 1.0.0 | 4.18 | 36.68 | 40.86 | NOTE | |
| r-patched-solaris-x86 | 1.0.0 | 73.00 | NOTE | |||
| r-release-linux-x86_64 | 1.0.0 | 4.49 | 36.69 | 41.18 | NOTE | |
| r-release-macos-x86_64 | 1.0.0 | NOTE | ||||
| r-release-windows-ix86+x86_64 | 1.0.0 | 18.00 | 53.00 | 71.00 | NOTE | |
| r-oldrel-macos-x86_64 | 1.0.0 | NOTE | ||||
| r-oldrel-windows-ix86+x86_64 | 1.0.0 | 8.00 | 53.00 | 61.00 | NOTE | 
Version: 1.0.0
Check: R code for possible problems
Result: NOTE
    AnalyticalOptim: no visible global function definition for 'optim'
    LLConstructor : LL: no visible global function definition for 'dpois'
    MixtureDensity: no visible global function definition for 'glm'
    MixtureDensity : f_hat: no visible global function definition for
      'predict'
    NullDensity : f0: no visible global function definition for 'dpois'
    Undefined global functions or variables:
      dpois glm optim predict
    Consider adding
      importFrom("stats", "dpois", "glm", "optim", "predict")
    to your NAMESPACE file.
Flavors: r-devel-linux-x86_64-debian-clang, r-devel-linux-x86_64-debian-gcc, r-devel-linux-x86_64-fedora-clang, r-devel-linux-x86_64-fedora-gcc, r-devel-windows-ix86+x86_64, r-patched-linux-x86_64, r-patched-solaris-x86, r-release-linux-x86_64, r-release-macos-x86_64, r-release-windows-ix86+x86_64, r-oldrel-macos-x86_64, r-oldrel-windows-ix86+x86_64