Last updated on 2020-08-07 01:49:49 CEST.
Flavor | Version | Tinstall | Tcheck | Ttotal | Status | Flags |
---|---|---|---|---|---|---|
r-devel-linux-x86_64-debian-clang | 2020.03.16 | 1.50 | 13.48 | 14.98 | OK | |
r-devel-linux-x86_64-debian-gcc | 2020.03.16 | 1.44 | 10.43 | 11.87 | OK | |
r-devel-linux-x86_64-fedora-clang | 2020.03.16 | 27.45 | NOTE | |||
r-devel-linux-x86_64-fedora-gcc | 2020.03.16 | 18.16 | NOTE | |||
r-devel-windows-ix86+x86_64 | 2020.03.16 | 6.00 | 32.00 | 38.00 | OK | |
r-patched-linux-x86_64 | 2020.03.16 | 1.78 | 13.03 | 14.81 | OK | |
r-patched-solaris-x86 | 2020.03.16 | 29.70 | NOTE | |||
r-release-linux-x86_64 | 2020.03.16 | 1.80 | 12.97 | 14.77 | OK | |
r-release-macos-x86_64 | 2020.03.16 | NOTE | ||||
r-release-windows-ix86+x86_64 | 2020.03.16 | 5.00 | 22.00 | 27.00 | OK | |
r-oldrel-macos-x86_64 | 2020.03.16 | NOTE | ||||
r-oldrel-windows-ix86+x86_64 | 2020.03.16 | 4.00 | 23.00 | 27.00 | OK |
Version: 2020.03.16
Check: Rd cross-references
Result: NOTE
Undeclared package ‘Unicode’ in Rd xrefs
Flavor: r-devel-linux-x86_64-fedora-clang
Version: 2020.03.16
Check: data for non-ASCII characters
Result: NOTE
Note: found 7418 marked UTF-8 strings
Flavors: r-devel-linux-x86_64-fedora-clang, r-devel-linux-x86_64-fedora-gcc, r-patched-solaris-x86, r-release-macos-x86_64, r-oldrel-macos-x86_64