Last updated on 2020-08-07 01:49:48 CEST.
Flavor | Version | Tinstall | Tcheck | Ttotal | Status | Flags |
---|---|---|---|---|---|---|
r-devel-linux-x86_64-debian-clang | 1.0 | 2.08 | 24.76 | 26.84 | NOTE | |
r-devel-linux-x86_64-debian-gcc | 1.0 | 1.61 | 18.88 | 20.49 | NOTE | |
r-devel-linux-x86_64-fedora-clang | 1.0 | 39.86 | OK | |||
r-devel-linux-x86_64-fedora-gcc | 1.0 | 31.44 | OK | |||
r-devel-windows-ix86+x86_64 | 1.0 | 8.00 | 38.00 | 46.00 | NOTE | |
r-patched-linux-x86_64 | 1.0 | 1.91 | 23.93 | 25.84 | NOTE | |
r-patched-solaris-x86 | 1.0 | 48.90 | OK | |||
r-release-linux-x86_64 | 1.0 | 1.97 | 23.89 | 25.86 | NOTE | |
r-release-macos-x86_64 | 1.0 | OK | ||||
r-release-windows-ix86+x86_64 | 1.0 | 10.00 | 48.00 | 58.00 | NOTE | |
r-oldrel-macos-x86_64 | 1.0 | OK | ||||
r-oldrel-windows-ix86+x86_64 | 1.0 | 5.00 | 34.00 | 39.00 | OK |
Version: 1.0
Check: package vignettes
Result: NOTE
Package vignette with placeholder title 'Vignette Title':
'vignette-IAbin.Rmd'
Flavors: r-devel-linux-x86_64-debian-clang, r-devel-linux-x86_64-debian-gcc, r-devel-windows-ix86+x86_64, r-patched-linux-x86_64, r-release-linux-x86_64, r-release-windows-ix86+x86_64