Last updated on 2020-08-07 01:49:48 CEST.
| Flavor | Version | Tinstall | Tcheck | Ttotal | Status | Flags | 
|---|---|---|---|---|---|---|
| r-devel-linux-x86_64-debian-clang | 1.0 | 23.84 | 39.33 | 63.17 | NOTE | |
| r-devel-linux-x86_64-debian-gcc | 1.0 | 17.54 | 31.29 | 48.83 | NOTE | |
| r-devel-linux-x86_64-fedora-clang | 1.0 | 87.05 | NOTE | |||
| r-devel-linux-x86_64-fedora-gcc | 1.0 | 76.52 | NOTE | |||
| r-devel-windows-ix86+x86_64 | 1.0 | 73.00 | 86.00 | 159.00 | NOTE | |
| r-patched-linux-x86_64 | 1.0 | 19.49 | 39.50 | 58.99 | NOTE | |
| r-patched-solaris-x86 | 1.0 | 96.40 | NOTE | |||
| r-release-linux-x86_64 | 1.0 | 18.33 | 38.92 | 57.25 | NOTE | |
| r-release-macos-x86_64 | 1.0 | NOTE | ||||
| r-release-windows-ix86+x86_64 | 1.0 | 70.00 | 115.00 | 185.00 | NOTE | |
| r-oldrel-macos-x86_64 | 1.0 | WARN | ||||
| r-oldrel-windows-ix86+x86_64 | 1.0 | 50.00 | 85.00 | 135.00 | NOTE | 
Version: 1.0
Check: R code for possible problems
Result: NOTE
    Calculate3D: no visible global function definition for 'persp'
    CalculateHUM_Ex: no visible global function definition for 'combn'
    CalculateHUM_Plot: no visible global function definition for 'polygon'
    CalculateHUM_Plot: no visible global function definition for 'text'
    CalculateHUM_Plot: no visible global function definition for 'points'
    CalculateHUM_Plot: no visible global function definition for 'lines'
    Undefined global functions or variables:
      combn lines persp points polygon text
    Consider adding
      importFrom("graphics", "lines", "persp", "points", "polygon", "text")
      importFrom("utils", "combn")
    to your NAMESPACE file.
Flavors: r-devel-linux-x86_64-debian-clang, r-devel-linux-x86_64-debian-gcc, r-devel-linux-x86_64-fedora-clang, r-devel-linux-x86_64-fedora-gcc, r-devel-windows-ix86+x86_64, r-patched-linux-x86_64, r-patched-solaris-x86, r-release-linux-x86_64, r-release-macos-x86_64, r-release-windows-ix86+x86_64
Version: 1.0
Check: compiled code
Result: NOTE
    File ‘HUM/libs/HUM.so’:
      Found no calls to: ‘R_registerRoutines’, ‘R_useDynamicSymbols’
    
    It is good practice to register native routines and to disable symbol
    search.
    
    See ‘Writing portable packages’ in the ‘Writing R Extensions’ manual.
Flavors: r-devel-linux-x86_64-fedora-clang, r-devel-linux-x86_64-fedora-gcc
Version: 1.0
Check: whether package can be installed
Result: WARN
    Found the following significant warnings:
      Warning: 'rgl_init' failed, running with rgl.useNULL = TRUE
Flavor: r-oldrel-macos-x86_64
Version: 1.0
Check: R code for possible problems
Result: NOTE
    Calculate3D: no visible global function definition for ‘persp’
    CalculateHUM_Ex: no visible global function definition for ‘combn’
    CalculateHUM_Plot: no visible global function definition for ‘plot’
    CalculateHUM_Plot: no visible global function definition for ‘polygon’
    CalculateHUM_Plot: no visible global function definition for ‘text’
    CalculateHUM_Plot: no visible global function definition for ‘points’
    CalculateHUM_Plot: no visible global function definition for ‘lines’
    Undefined global functions or variables:
      combn lines persp plot points polygon text
    Consider adding
      importFrom("graphics", "lines", "persp", "plot", "points", "polygon",
                 "text")
      importFrom("utils", "combn")
    to your NAMESPACE file.
Flavors: r-oldrel-macos-x86_64, r-oldrel-windows-ix86+x86_64