Last updated on 2020-08-07 01:49:47 CEST.
| Flavor | Version | Tinstall | Tcheck | Ttotal | Status | Flags | 
|---|---|---|---|---|---|---|
| r-devel-linux-x86_64-debian-clang | 1.1 | 127.76 | 37.54 | 165.30 | OK | |
| r-devel-linux-x86_64-debian-gcc | 1.1 | 97.83 | 29.88 | 127.71 | OK | |
| r-devel-linux-x86_64-fedora-clang | 1.1 | 243.46 | NOTE | |||
| r-devel-linux-x86_64-fedora-gcc | 1.1 | 217.71 | OK | |||
| r-devel-windows-ix86+x86_64 | 1.1 | 309.00 | 79.00 | 388.00 | NOTE | |
| r-patched-linux-x86_64 | 1.1 | 98.31 | 38.22 | 136.53 | OK | |
| r-patched-solaris-x86 | 1.1 | 222.30 | OK | |||
| r-release-linux-x86_64 | 1.1 | 104.61 | 38.76 | 143.37 | OK | |
| r-release-macos-x86_64 | 1.1 | NOTE | ||||
| r-release-windows-ix86+x86_64 | 1.1 | 324.00 | 107.00 | 431.00 | NOTE | |
| r-oldrel-macos-x86_64 | 1.1 | NOTE | ||||
| r-oldrel-windows-ix86+x86_64 | 1.1 | 222.00 | 95.00 | 317.00 | NOTE | 
Version: 1.1
Check: installed package size
Result: NOTE
      installed size is  8.5Mb
      sub-directories of 1Mb or more:
        data   3.5Mb
        libs   4.8Mb
Flavors: r-devel-linux-x86_64-fedora-clang, r-devel-windows-ix86+x86_64, r-release-macos-x86_64, r-release-windows-ix86+x86_64, r-oldrel-macos-x86_64, r-oldrel-windows-ix86+x86_64