Last updated on 2020-08-07 01:49:45 CEST.
Flavor | Version | Tinstall | Tcheck | Ttotal | Status | Flags |
---|---|---|---|---|---|---|
r-devel-linux-x86_64-debian-clang | 1.0 | 83.41 | 60.54 | 143.95 | NOTE | |
r-devel-linux-x86_64-debian-gcc | 1.0 | 68.72 | 45.69 | 114.41 | NOTE | |
r-devel-linux-x86_64-fedora-clang | 1.0 | 205.52 | NOTE | |||
r-devel-linux-x86_64-fedora-gcc | 1.0 | 189.79 | NOTE | |||
r-devel-windows-ix86+x86_64 | 1.0 | 211.00 | 111.00 | 322.00 | NOTE | |
r-patched-linux-x86_64 | 1.0 | 77.81 | 59.37 | 137.18 | NOTE | |
r-patched-solaris-x86 | 1.0 | 200.20 | NOTE | |||
r-release-linux-x86_64 | 1.0 | 68.32 | 59.03 | 127.35 | NOTE | |
r-release-macos-x86_64 | 1.0 | NOTE | ||||
r-release-windows-ix86+x86_64 | 1.0 | 231.00 | 148.00 | 379.00 | NOTE | |
r-oldrel-macos-x86_64 | 1.0 | NOTE | ||||
r-oldrel-windows-ix86+x86_64 | 1.0 | 143.00 | 105.00 | 248.00 | NOTE |
Version: 1.0
Check: line endings in C/C++/Fortran sources/headers
Result: NOTE
Found the following sources/headers not terminated with a newline:
inst/include/GiRaF.hpp
inst/include/lattice.hpp
inst/include/sampler.hpp
Some compilers warn on such files.
Flavors: r-devel-linux-x86_64-debian-clang, r-devel-linux-x86_64-debian-gcc, r-devel-linux-x86_64-fedora-clang, r-devel-linux-x86_64-fedora-gcc, r-devel-windows-ix86+x86_64, r-patched-linux-x86_64, r-patched-solaris-x86, r-release-linux-x86_64, r-release-macos-x86_64, r-release-windows-ix86+x86_64, r-oldrel-macos-x86_64, r-oldrel-windows-ix86+x86_64
Version: 1.0
Check: installed package size
Result: NOTE
installed size is 6.5Mb
sub-directories of 1Mb or more:
libs 6.1Mb
Flavors: r-devel-linux-x86_64-fedora-clang, r-release-macos-x86_64, r-oldrel-macos-x86_64
Version: 1.0
Check: compiled code
Result: NOTE
File ‘GiRaF/libs/GiRaF.so’:
Found no calls to: ‘R_registerRoutines’, ‘R_useDynamicSymbols’
It is good practice to register native routines and to disable symbol
search.
See ‘Writing portable packages’ in the ‘Writing R Extensions’ manual.
Flavors: r-devel-linux-x86_64-fedora-clang, r-devel-linux-x86_64-fedora-gcc