Last updated on 2020-08-07 01:49:45 CEST.
Flavor | Version | Tinstall | Tcheck | Ttotal | Status | Flags |
---|---|---|---|---|---|---|
r-devel-linux-x86_64-debian-clang | 0.1.0 | 3.54 | 20.23 | 23.77 | OK | |
r-devel-linux-x86_64-debian-gcc | 0.1.0 | 2.85 | 15.65 | 18.50 | OK | |
r-devel-linux-x86_64-fedora-clang | 0.1.0 | 37.84 | NOTE | |||
r-devel-linux-x86_64-fedora-gcc | 0.1.0 | 28.95 | NOTE | |||
r-devel-windows-ix86+x86_64 | 0.1.0 | 9.00 | 34.00 | 43.00 | OK | |
r-patched-linux-x86_64 | 0.1.0 | 3.89 | 19.70 | 23.59 | OK | |
r-patched-solaris-x86 | 0.1.0 | 43.00 | NOTE | |||
r-release-linux-x86_64 | 0.1.0 | 3.30 | 19.96 | 23.26 | OK | |
r-release-macos-x86_64 | 0.1.0 | NOTE | ||||
r-release-windows-ix86+x86_64 | 0.1.0 | 9.00 | 45.00 | 54.00 | OK | |
r-oldrel-macos-x86_64 | 0.1.0 | NOTE | ||||
r-oldrel-windows-ix86+x86_64 | 0.1.0 | 6.00 | 34.00 | 40.00 | OK |
Version: 0.1.0
Check: dependencies in R code
Result: NOTE
Namespace in Imports field not imported from: ‘R6’
All declared Imports should be used.
Flavors: r-devel-linux-x86_64-fedora-clang, r-devel-linux-x86_64-fedora-gcc, r-patched-solaris-x86, r-release-macos-x86_64, r-oldrel-macos-x86_64