Last updated on 2020-08-07 01:49:45 CEST.
| Flavor | Version | Tinstall | Tcheck | Ttotal | Status | Flags | 
|---|---|---|---|---|---|---|
| r-devel-linux-x86_64-debian-clang | 0.2.4 | 23.28 | 58.06 | 81.34 | OK | |
| r-devel-linux-x86_64-debian-gcc | 0.2.4 | 22.10 | 46.07 | 68.17 | OK | |
| r-devel-linux-x86_64-fedora-clang | 0.2.4 | 112.69 | NOTE | |||
| r-devel-linux-x86_64-fedora-gcc | 0.2.4 | 103.45 | OK | |||
| r-devel-windows-ix86+x86_64 | 0.2.4 | 41.00 | 73.00 | 114.00 | NOTE | |
| r-patched-linux-x86_64 | 0.2.4 | 25.12 | 56.35 | 81.47 | OK | |
| r-patched-solaris-x86 | 0.2.4 | 182.80 | NOTE | |||
| r-release-linux-x86_64 | 0.2.4 | 24.16 | 56.82 | 80.98 | OK | |
| r-release-macos-x86_64 | 0.2.4 | NOTE | ||||
| r-release-windows-ix86+x86_64 | 0.2.4 | 44.00 | 73.00 | 117.00 | NOTE | |
| r-oldrel-macos-x86_64 | 0.2.4 | NOTE | ||||
| r-oldrel-windows-ix86+x86_64 | 0.2.4 | 31.00 | 72.00 | 103.00 | NOTE | 
Version: 0.2.4
Check: installed package size
Result: NOTE
      installed size is  6.3Mb
      sub-directories of 1Mb or more:
        R      2.4Mb
        data   3.5Mb
Flavors: r-devel-linux-x86_64-fedora-clang, r-devel-windows-ix86+x86_64, r-patched-solaris-x86, r-release-macos-x86_64, r-release-windows-ix86+x86_64, r-oldrel-macos-x86_64, r-oldrel-windows-ix86+x86_64