Last updated on 2020-08-07 01:49:45 CEST.
| Flavor | Version | Tinstall | Tcheck | Ttotal | Status | Flags | 
|---|---|---|---|---|---|---|
| r-devel-linux-x86_64-debian-clang | 1.3 | 10.50 | 801.23 | 811.73 | OK | |
| r-devel-linux-x86_64-debian-gcc | 1.3 | 8.63 | 538.77 | 547.40 | OK | |
| r-devel-linux-x86_64-fedora-clang | 1.3 | 865.28 | NOTE | |||
| r-devel-linux-x86_64-fedora-gcc | 1.3 | 867.85 | OK | |||
| r-devel-windows-ix86+x86_64 | 1.3 | 28.00 | 178.00 | 206.00 | NOTE | --no-vignettes | 
| r-patched-linux-x86_64 | 1.3 | 10.97 | 756.61 | 767.58 | OK | |
| r-patched-solaris-x86 | 1.3 | 854.50 | NOTE | |||
| r-release-linux-x86_64 | 1.3 | 10.92 | 764.44 | 775.36 | OK | |
| r-release-macos-x86_64 | 1.3 | NOTE | ||||
| r-release-windows-ix86+x86_64 | 1.3 | 27.00 | 178.00 | 205.00 | NOTE | --no-vignettes | 
| r-oldrel-macos-x86_64 | 1.3 | WARN | ||||
| r-oldrel-windows-ix86+x86_64 | 1.3 | 17.00 | 159.00 | 176.00 | NOTE | --no-vignettes | 
Version: 1.3
Check: installed package size
Result: NOTE
      installed size is  5.5Mb
      sub-directories of 1Mb or more:
        data   1.6Mb
        doc    3.5Mb
Flavors: r-devel-linux-x86_64-fedora-clang, r-patched-solaris-x86, r-release-macos-x86_64, r-oldrel-macos-x86_64
Version: 1.3
Flags: --no-vignettes
Check: installed package size
Result: NOTE
      installed size is  5.5Mb
      sub-directories of 1Mb or more:
        data   1.6Mb
        doc    3.5Mb
Flavors: r-devel-windows-ix86+x86_64, r-release-windows-ix86+x86_64, r-oldrel-windows-ix86+x86_64
Version: 1.3
Check: whether package can be installed
Result: WARN
    Found the following significant warnings:
      Warning: 'rgl_init' failed, running with rgl.useNULL = TRUE
Flavor: r-oldrel-macos-x86_64
Version: 1.3
Check: dependencies in R code
Result: NOTE
    No protocol specified
Flavor: r-oldrel-macos-x86_64
Version: 1.3
Check: S3 generic/method consistency
Result: WARN
    No protocol specified
    See section ‘Generic functions and methods’ in the ‘Writing R
    Extensions’ manual.
Flavor: r-oldrel-macos-x86_64
Version: 1.3
Check: replacement functions
Result: WARN
    No protocol specified
    The argument of a replacement function which corresponds to the right
    hand side must be named ‘value’.
Flavor: r-oldrel-macos-x86_64
Version: 1.3
Check: foreign function calls
Result: NOTE
    No protocol specified
    See chapter ‘System and foreign language interfaces’ in the ‘Writing R
    Extensions’ manual.
Flavor: r-oldrel-macos-x86_64
Version: 1.3
Check: R code for possible problems
Result: NOTE
    No protocol specified
Flavor: r-oldrel-macos-x86_64
Version: 1.3
Check: for missing documentation entries
Result: WARN
    No protocol specified
    All user-level objects in a package should have documentation entries.
    See chapter ‘Writing R documentation files’ in the ‘Writing R
    Extensions’ manual.
Flavor: r-oldrel-macos-x86_64
Version: 1.3
Check: for code/documentation mismatches
Result: WARN
    No protocol specified
    No protocol specified
    No protocol specified
Flavor: r-oldrel-macos-x86_64
Version: 1.3
Check: Rd \usage sections
Result: NOTE
    No protocol specified
    The \usage entries for S3 methods should use the \method markup and not
    their full name.
    See chapter ‘Writing R documentation files’ in the ‘Writing R
    Extensions’ manual.
Flavor: r-oldrel-macos-x86_64