Last updated on 2020-08-07 01:49:45 CEST.
| Flavor | Version | Tinstall | Tcheck | Ttotal | Status | Flags | 
|---|---|---|---|---|---|---|
| r-devel-linux-x86_64-debian-clang | 0.2.6 | 2.93 | 47.10 | 50.03 | OK | |
| r-devel-linux-x86_64-debian-gcc | 0.2.6 | 2.68 | 35.27 | 37.95 | OK | |
| r-devel-linux-x86_64-fedora-clang | 0.2.6 | 66.69 | OK | |||
| r-devel-linux-x86_64-fedora-gcc | 0.2.6 | 58.11 | OK | |||
| r-devel-windows-ix86+x86_64 | 0.2.6 | 10.00 | 59.00 | 69.00 | OK | |
| r-patched-linux-x86_64 | 0.2.6 | 3.37 | 45.82 | 49.19 | OK | |
| r-patched-solaris-x86 | 0.2.6 | 81.70 | OK | |||
| r-release-linux-x86_64 | 0.2.6 | 3.60 | 45.48 | 49.08 | OK | |
| r-release-macos-x86_64 | 0.2.6 | OK | ||||
| r-release-windows-ix86+x86_64 | 0.2.6 | 9.00 | 58.00 | 67.00 | OK | |
| r-oldrel-macos-x86_64 | 0.2.6 | WARN | ||||
| r-oldrel-windows-ix86+x86_64 | 0.2.6 | 5.00 | 57.00 | 62.00 | OK | 
Version: 0.2.6
Check: package dependencies
Result: NOTE
    Package suggested but not available for checking: ‘RGtk2’
Flavor: r-oldrel-macos-x86_64
Version: 0.2.6
Check: re-building of vignette outputs
Result: WARN
    Error(s) in re-building vignettes:
      ...
    --- re-building ‘IntroductionToGFD.Rmd’ using rmarkdown
    Warning in engine$weave(file, quiet = quiet, encoding = enc) :
      Pandoc (>= 1.12.3) and/or pandoc-citeproc not available. Falling back to R Markdown v1.
    Quitting from lines 106-107 (IntroductionToGFD.Rmd) 
    Error: processing vignette 'IntroductionToGFD.Rmd' failed with diagnostics:
    there is no package called 'RGtk2'
    --- failed re-building ‘IntroductionToGFD.Rmd’
    
    SUMMARY: processing the following file failed:
      ‘IntroductionToGFD.Rmd’
    
    Error: Vignette re-building failed.
    Execution halted
Flavor: r-oldrel-macos-x86_64