Last updated on 2020-08-07 01:49:45 CEST.
| Flavor | Version | Tinstall | Tcheck | Ttotal | Status | Flags | 
|---|---|---|---|---|---|---|
| r-devel-linux-x86_64-debian-clang | 1.5.1 | 7.62 | 56.82 | 64.44 | OK | |
| r-devel-linux-x86_64-debian-gcc | 1.5.1 | 6.23 | 43.77 | 50.00 | OK | |
| r-devel-linux-x86_64-fedora-clang | 1.5.1 | 85.56 | OK | |||
| r-devel-linux-x86_64-fedora-gcc | 1.5.1 | 74.67 | OK | |||
| r-devel-windows-ix86+x86_64 | 1.5.1 | 32.00 | 75.00 | 107.00 | OK | |
| r-patched-linux-x86_64 | 1.5.1 | 7.33 | 55.94 | 63.27 | OK | |
| r-patched-solaris-x86 | 1.5.1 | 109.10 | OK | |||
| r-release-linux-x86_64 | 1.5.1 | 7.54 | 55.07 | 62.61 | OK | |
| r-release-macos-x86_64 | 1.5.1 | OK | ||||
| r-release-windows-ix86+x86_64 | 1.5.1 | 28.00 | 75.00 | 103.00 | OK | |
| r-oldrel-macos-x86_64 | 1.5.1 | WARN | ||||
| r-oldrel-windows-ix86+x86_64 | 1.5.1 | 16.00 | 71.00 | 87.00 | OK | 
Version: 1.5.1
Check: whether package can be installed
Result: WARN
    Found the following significant warnings:
      Warning: 'rgl_init' failed, running with rgl.useNULL = TRUE
Flavor: r-oldrel-macos-x86_64
Version: 1.5.1
Check: dependencies in R code
Result: NOTE
    No protocol specified
Flavor: r-oldrel-macos-x86_64
Version: 1.5.1
Check: S3 generic/method consistency
Result: WARN
    No protocol specified
    See section ‘Generic functions and methods’ in the ‘Writing R
    Extensions’ manual.
Flavor: r-oldrel-macos-x86_64
Version: 1.5.1
Check: replacement functions
Result: WARN
    No protocol specified
    The argument of a replacement function which corresponds to the right
    hand side must be named ‘value’.
Flavor: r-oldrel-macos-x86_64
Version: 1.5.1
Check: foreign function calls
Result: NOTE
    No protocol specified
    See chapter ‘System and foreign language interfaces’ in the ‘Writing R
    Extensions’ manual.
Flavor: r-oldrel-macos-x86_64
Version: 1.5.1
Check: R code for possible problems
Result: NOTE
    No protocol specified
Flavor: r-oldrel-macos-x86_64
Version: 1.5.1
Check: for missing documentation entries
Result: WARN
    No protocol specified
    All user-level objects in a package should have documentation entries.
    See chapter ‘Writing R documentation files’ in the ‘Writing R
    Extensions’ manual.
Flavor: r-oldrel-macos-x86_64
Version: 1.5.1
Check: for code/documentation mismatches
Result: WARN
    No protocol specified
    No protocol specified
    No protocol specified
Flavor: r-oldrel-macos-x86_64
Version: 1.5.1
Check: Rd \usage sections
Result: NOTE
    No protocol specified
    The \usage entries for S3 methods should use the \method markup and not
    their full name.
    See chapter ‘Writing R documentation files’ in the ‘Writing R
    Extensions’ manual.
Flavor: r-oldrel-macos-x86_64