Last updated on 2020-08-07 01:49:44 CEST.
Flavor | Version | Tinstall | Tcheck | Ttotal | Status | Flags |
---|---|---|---|---|---|---|
r-devel-linux-x86_64-debian-clang | 0.1 | 3.20 | 25.58 | 28.78 | NOTE | |
r-devel-linux-x86_64-debian-gcc | 0.1 | 2.12 | 19.84 | 21.96 | NOTE | |
r-devel-linux-x86_64-fedora-clang | 0.1 | 42.61 | NOTE | |||
r-devel-linux-x86_64-fedora-gcc | 0.1 | 33.12 | NOTE | |||
r-devel-windows-ix86+x86_64 | 0.1 | 8.00 | 38.00 | 46.00 | NOTE | |
r-patched-linux-x86_64 | 0.1 | 3.01 | 25.26 | 28.27 | NOTE | |
r-patched-solaris-x86 | 0.1 | 55.50 | NOTE | |||
r-release-linux-x86_64 | 0.1 | 2.86 | 25.26 | 28.12 | NOTE | |
r-release-macos-x86_64 | 0.1 | NOTE | ||||
r-release-windows-ix86+x86_64 | 0.1 | 9.00 | 53.00 | 62.00 | NOTE | |
r-oldrel-macos-x86_64 | 0.1 | NOTE | ||||
r-oldrel-windows-ix86+x86_64 | 0.1 | 5.00 | 46.00 | 51.00 | NOTE |
Version: 0.1
Check: R code for possible problems
Result: NOTE
crossover: no visible global function definition for 'runif'
exchangeSols: no visible global function definition for 'runif'
fps: no visible global function definition for 'runif'
mutation: no visible global function definition for 'runif'
plotBicluster: no visible global function definition for 'gray'
plotBicluster: no visible global function definition for 'heatmap'
reproduction: no visible global function definition for 'runif'
Undefined global functions or variables:
gray heatmap runif
Consider adding
importFrom("grDevices", "gray")
importFrom("stats", "heatmap", "runif")
to your NAMESPACE file.
Flavors: r-devel-linux-x86_64-debian-clang, r-devel-linux-x86_64-debian-gcc, r-devel-linux-x86_64-fedora-clang, r-devel-linux-x86_64-fedora-gcc, r-devel-windows-ix86+x86_64, r-patched-linux-x86_64, r-patched-solaris-x86, r-release-linux-x86_64, r-release-macos-x86_64, r-release-windows-ix86+x86_64, r-oldrel-macos-x86_64, r-oldrel-windows-ix86+x86_64
Version: 0.1
Check: package dependencies
Result: NOTE
Package suggested but not available for checking: ‘ArrayBin’
Flavor: r-oldrel-macos-x86_64