Last updated on 2020-08-07 01:49:44 CEST.
| Flavor | Version | Tinstall | Tcheck | Ttotal | Status | Flags | 
|---|---|---|---|---|---|---|
| r-devel-linux-x86_64-debian-clang | 0.2.1 | 4.56 | 369.56 | 374.12 | OK | |
| r-devel-linux-x86_64-debian-gcc | 0.2.1 | 3.87 | 241.08 | 244.95 | OK | |
| r-devel-linux-x86_64-fedora-clang | 0.2.1 | 400.72 | NOTE | |||
| r-devel-linux-x86_64-fedora-gcc | 0.2.1 | 419.47 | NOTE | |||
| r-devel-windows-ix86+x86_64 | 0.2.1 | 15.00 | 336.00 | 351.00 | OK | |
| r-patched-linux-x86_64 | 0.2.1 | 5.00 | 345.88 | 350.88 | OK | |
| r-patched-solaris-x86 | 0.2.1 | 479.80 | NOTE | |||
| r-release-linux-x86_64 | 0.2.1 | 4.87 | 343.20 | 348.07 | OK | |
| r-release-macos-x86_64 | 0.2.1 | NOTE | ||||
| r-release-windows-ix86+x86_64 | 0.2.1 | 14.00 | 325.00 | 339.00 | OK | |
| r-oldrel-macos-x86_64 | 0.2.1 | NOTE | ||||
| r-oldrel-windows-ix86+x86_64 | 0.2.1 | 7.00 | 277.00 | 284.00 | OK | 
Version: 0.2.1
Check: dependencies in R code
Result: NOTE
    Namespace in Imports field not imported from: ‘methods’
      All declared Imports should be used.
Flavors: r-devel-linux-x86_64-fedora-clang, r-devel-linux-x86_64-fedora-gcc, r-patched-solaris-x86, r-release-macos-x86_64, r-oldrel-macos-x86_64