Last updated on 2020-08-07 01:49:44 CEST.
Flavor | Version | Tinstall | Tcheck | Ttotal | Status | Flags |
---|---|---|---|---|---|---|
r-devel-linux-x86_64-debian-clang | 0.1.0.0 | 2.73 | 28.58 | 31.31 | NOTE | |
r-devel-linux-x86_64-debian-gcc | 0.1.0.0 | 2.16 | 22.16 | 24.32 | NOTE | |
r-devel-linux-x86_64-fedora-clang | 0.1.0.0 | 45.79 | NOTE | |||
r-devel-linux-x86_64-fedora-gcc | 0.1.0.0 | 36.63 | NOTE | |||
r-devel-windows-ix86+x86_64 | 0.1.0.0 | 9.00 | 42.00 | 51.00 | NOTE | |
r-patched-linux-x86_64 | 0.1.0.0 | 2.78 | 28.19 | 30.97 | NOTE | |
r-patched-solaris-x86 | 0.1.0.0 | 61.90 | NOTE | |||
r-release-linux-x86_64 | 0.1.0.0 | 2.54 | 28.04 | 30.58 | NOTE | |
r-release-macos-x86_64 | 0.1.0.0 | NOTE | ||||
r-release-windows-ix86+x86_64 | 0.1.0.0 | 11.00 | 43.00 | 54.00 | NOTE | |
r-oldrel-macos-x86_64 | 0.1.0.0 | NOTE | ||||
r-oldrel-windows-ix86+x86_64 | 0.1.0.0 | 5.00 | 40.00 | 45.00 | OK |
Version: 0.1.0.0
Check: package vignettes
Result: NOTE
Package vignette with placeholder title 'Vignette Title':
'introduction.Rmd'
Flavors: r-devel-linux-x86_64-debian-clang, r-devel-linux-x86_64-debian-gcc, r-devel-windows-ix86+x86_64, r-patched-linux-x86_64, r-release-linux-x86_64, r-release-windows-ix86+x86_64
Version: 0.1.0.0
Check: dependencies in R code
Result: NOTE
Namespace in Imports field not imported from: ‘magrittr’
All declared Imports should be used.
Flavors: r-devel-linux-x86_64-fedora-clang, r-devel-linux-x86_64-fedora-gcc, r-patched-solaris-x86, r-release-macos-x86_64, r-oldrel-macos-x86_64