Last updated on 2020-08-07 01:49:43 CEST.
Flavor | Version | Tinstall | Tcheck | Ttotal | Status | Flags |
---|---|---|---|---|---|---|
r-devel-linux-x86_64-debian-clang | 1.5.1 | 4.04 | 36.18 | 40.22 | NOTE | |
r-devel-linux-x86_64-debian-gcc | 1.5.1 | 3.19 | 29.23 | 32.42 | NOTE | |
r-devel-linux-x86_64-fedora-clang | 1.5.1 | 55.78 | NOTE | |||
r-devel-linux-x86_64-fedora-gcc | 1.5.1 | 46.27 | NOTE | |||
r-devel-windows-ix86+x86_64 | 1.5.1 | 9.00 | 52.00 | 61.00 | OK | |
r-patched-linux-x86_64 | 1.5.1 | 3.87 | 35.75 | 39.62 | NOTE | |
r-patched-solaris-x86 | 1.5.1 | 71.50 | NOTE | |||
r-release-linux-x86_64 | 1.5.1 | 3.73 | 35.74 | 39.47 | NOTE | |
r-release-macos-x86_64 | 1.5.1 | OK | ||||
r-release-windows-ix86+x86_64 | 1.5.1 | 9.00 | 80.00 | 89.00 | OK | |
r-oldrel-macos-x86_64 | 1.5.1 | OK | ||||
r-oldrel-windows-ix86+x86_64 | 1.5.1 | 6.00 | 52.00 | 58.00 | OK |
Version: 1.5.1
Check: for non-standard things in the check directory
Result: NOTE
Found the following files/directories:
'AH_genepop.txt' 'AH_popname.txt' 'JSM_MS_freq.txt'
'JSM_MS_genepop.txt' 'JSM_genepop_clipped_both.txt'
'JSM_genepop_clipped_maf.txt' 'JSM_genepop_clipped_name.txt'
'JSM_mtDNA_freq.txt' 'JSM_popname.txt' 'result_DJ.csv'
'result_EBDJ.csv' 'result_EBFST.csv' 'result_EBFST_mtDNA.csv'
'result_EBGstH.csv' 'result_GstH.csv' 'result_GstN.csv'
'result_GstNC.csv' 'result_thetaWCpair.csv'
Flavors: r-devel-linux-x86_64-debian-clang, r-devel-linux-x86_64-debian-gcc, r-devel-linux-x86_64-fedora-clang, r-devel-linux-x86_64-fedora-gcc, r-patched-linux-x86_64, r-patched-solaris-x86, r-release-linux-x86_64