Last updated on 2020-08-07 01:49:43 CEST.
| Flavor | Version | Tinstall | Tcheck | Ttotal | Status | Flags | 
|---|---|---|---|---|---|---|
| r-devel-linux-x86_64-debian-clang | 0.9 | 6.58 | 55.25 | 61.83 | OK | |
| r-devel-linux-x86_64-debian-gcc | 0.9 | 5.65 | 41.54 | 47.19 | OK | |
| r-devel-linux-x86_64-fedora-clang | 0.9 | 82.74 | OK | |||
| r-devel-linux-x86_64-fedora-gcc | 0.9 | 72.06 | OK | |||
| r-devel-windows-ix86+x86_64 | 0.9 | 43.00 | 71.00 | 114.00 | OK | |
| r-patched-linux-x86_64 | 0.9 | 6.11 | 53.22 | 59.33 | OK | |
| r-patched-solaris-x86 | 0.9 | 110.00 | OK | |||
| r-release-linux-x86_64 | 0.9 | 6.72 | 53.73 | 60.45 | OK | |
| r-release-macos-x86_64 | 0.9 | OK | ||||
| r-release-windows-ix86+x86_64 | 0.9 | 33.00 | 69.00 | 102.00 | OK | |
| r-oldrel-macos-x86_64 | 0.9 | WARN | ||||
| r-oldrel-windows-ix86+x86_64 | 0.9 | 12.00 | 73.00 | 85.00 | OK | 
Version: 0.9
Check: whether package can be installed
Result: WARN
    Found the following significant warnings:
      Warning: 'rgl_init' failed, running with rgl.useNULL = TRUE
Flavor: r-oldrel-macos-x86_64