Last updated on 2020-08-07 01:49:40 CEST.
Flavor | Version | Tinstall | Tcheck | Ttotal | Status | Flags |
---|---|---|---|---|---|---|
r-devel-linux-x86_64-debian-clang | 0.22.0 | 5.61 | 175.60 | 181.21 | OK | |
r-devel-linux-x86_64-debian-gcc | 0.22.0 | 4.98 | 131.55 | 136.53 | OK | |
r-devel-linux-x86_64-fedora-clang | 0.22.0 | 214.26 | NOTE | |||
r-devel-linux-x86_64-fedora-gcc | 0.22.0 | 214.90 | OK | |||
r-devel-windows-ix86+x86_64 | 0.22.0 | 26.00 | 234.00 | 260.00 | OK | |
r-patched-linux-x86_64 | 0.22.0 | 6.91 | 171.90 | 178.81 | OK | |
r-patched-solaris-x86 | 0.22.0 | 294.50 | OK | |||
r-release-linux-x86_64 | 0.22.0 | 7.39 | 176.27 | 183.66 | OK | |
r-release-macos-x86_64 | 0.22.0 | OK | ||||
r-release-windows-ix86+x86_64 | 0.22.0 | 27.00 | 177.00 | 204.00 | OK | |
r-oldrel-macos-x86_64 | 0.22.0 | OK | ||||
r-oldrel-windows-ix86+x86_64 | 0.22.0 | 15.00 | 152.00 | 167.00 | OK |
Version: 0.22.0
Check: Rd cross-references
Result: NOTE
Undeclared package ‘future’ in Rd xrefs
Flavor: r-devel-linux-x86_64-fedora-clang