Last updated on 2020-08-07 01:49:39 CEST.
Flavor | Version | Tinstall | Tcheck | Ttotal | Status | Flags |
---|---|---|---|---|---|---|
r-devel-linux-x86_64-debian-clang | 1.0.0 | 4.89 | 31.15 | 36.04 | OK | |
r-devel-linux-x86_64-debian-gcc | 1.0.0 | 3.11 | 24.09 | 27.20 | OK | |
r-devel-linux-x86_64-fedora-clang | 1.0.0 | 50.51 | NOTE | |||
r-devel-linux-x86_64-fedora-gcc | 1.0.0 | 40.43 | NOTE | |||
r-devel-windows-ix86+x86_64 | 1.0.0 | 19.00 | 60.00 | 79.00 | OK | |
r-patched-linux-x86_64 | 1.0.0 | 3.98 | 30.01 | 33.99 | OK | |
r-patched-solaris-x86 | 1.0.0 | 65.10 | OK | |||
r-release-linux-x86_64 | 1.0.0 | 3.99 | 30.03 | 34.02 | OK | |
r-release-macos-x86_64 | 1.0.0 | OK | ||||
r-release-windows-ix86+x86_64 | 1.0.0 | 18.00 | 77.00 | 95.00 | OK | |
r-oldrel-macos-x86_64 | 1.0.0 | OK | ||||
r-oldrel-windows-ix86+x86_64 | 1.0.0 | 14.00 | 59.00 | 73.00 | OK |
Version: 1.0.0
Check: compiled code
Result: NOTE
File ‘COUSCOus/libs/COUSCOus.so’:
Found no calls to: ‘R_registerRoutines’, ‘R_useDynamicSymbols’
It is good practice to register native routines and to disable symbol
search.
See ‘Writing portable packages’ in the ‘Writing R Extensions’ manual.
Flavors: r-devel-linux-x86_64-fedora-clang, r-devel-linux-x86_64-fedora-gcc